{"id":9,"date":"2020-05-25T21:27:56","date_gmt":"2020-05-25T21:27:56","guid":{"rendered":"http:\/\/institutohistoricosl.com.br\/?page_id=9"},"modified":"2026-04-11T22:25:08","modified_gmt":"2026-04-11T22:25:08","slug":"associados","status":"publish","type":"page","link":"https:\/\/institutohistoricosl.com.br\/?page_id=9","title":{"rendered":"Ocupantes atuais"},"content":{"rendered":"\n<div style=\"height:64px\" aria-hidden=\"true\" class=\"wp-block-spacer\"><\/div>\n\n\n\n<div class=\"wp-container-1 wp-block-group\"><div class=\"wp-block-group__inner-container\">\n<p><strong>Cadeira n\u00ba 1. Rodrigo Luis dos Santos<\/strong><br>Doutor em Hist\u00f3ria\/UNISINOS<\/p>\n\n\n\n<p>Professor na gradua\u00e7\u00e3o e do PPG em Hist\u00f3ria  da Universidade de Caxias do Sul (UCS)<\/p>\n\n\n\n<p><strong>Temas de Pesquisa:<\/strong> Imigra\u00e7\u00e3o e sua contextualiza\u00e7\u00e3o social e pol\u00edtica, Brasil e Rio Grande do Sul Republicano (Primeira Rep\u00fablica e Per\u00edodo Vargas), Estado Novo, nacionalismo e a\u00e7\u00f5es de nacionaliza\u00e7\u00e3o, Ensino de Hist\u00f3ria e uso de fontes audiovisuais e impressas em sala de aula.<br><strong>E-mail:<\/strong>\u00a0<a rel=\"noreferrer noopener\" href=\"mailto:rluis.historia@gmail.com\" target=\"_blank\">rluis.historia@gmail.com<\/a><br><strong>CV:<\/strong> <a rel=\"noreferrer noopener\" href=\"http:\/\/lattes.cnpq.br\/2668730091701426\" target=\"_blank\">http:\/\/lattes.cnpq.br\/2668730091701426<\/a><\/p>\n<\/div><\/div>\n\n\n\n<div style=\"height:20px\" aria-hidden=\"true\" class=\"wp-block-spacer\"><\/div>\n\n\n\n<p><strong>Cadeira n\u00ba 2. V\u00e9ra Lucia Maciel Barroso<\/strong><br>Doutora em Hist\u00f3ria\/PUCRS<br>Professora aposentada<\/p>\n\n\n\n<p><strong>Temas de Pesquisa:<\/strong> Mem\u00f3ria e patrim\u00f4nio, hist\u00f3ria oral, educa\u00e7\u00e3o e ensino de Hist\u00f3ria, hist\u00f3ria e cultura a\u00e7oriana, tropeirismo, hist\u00f3ria agr\u00e1ria dirigida \u00e0 cana-de-a\u00e7\u00facar, povoamento e forma\u00e7\u00e3o de munic\u00edpios no RS, hist\u00f3ria da sa\u00fade, hist\u00f3ria local e hist\u00f3ria p\u00fablica.\u00a0<br><strong>E-mail: <\/strong><a href=\"mailto:veramacielbarroso@gmail.com\">veramacielbarroso@gmail.com<\/a><br><strong>CV:<\/strong> <a href=\"http:\/\/lattes.cnpq.br\/0645444254662282\">http:\/\/lattes.cnpq.br\/0645444254662282<\/a><\/p>\n\n\n\n<div style=\"height:13px\" aria-hidden=\"true\" class=\"wp-block-spacer\"><\/div>\n\n\n\n<p><strong>Cadeira n\u00ba 3. \u00a0Elaine Smaniotto<\/strong><br>Doutora em Hist\u00f3ria \/UNISINOS<br>Professora aposentada<br><strong>Temas de pesquisa:<\/strong> Educa\u00e7\u00e3o Patrimonial, Ensino de Hist\u00f3ria, Rela\u00e7\u00f5es \u00e9tnico-raciais, Rela\u00e7\u00f5es de G\u00eanero, Hist\u00f3ria das Mulheres, Hist\u00f3ria Oral, Mem\u00f3ria, P\u00f3s-Aboli\u00e7\u00e3o e Associativismo Negro<br><strong>E-mail:<\/strong> <a href=\"mailto:elaismaniotto@gmail.com\">elaismaniotto@gmail.com<\/a><br><strong>CV:<\/strong> <a href=\"http:\/\/lattes.cnpq.br\/8296134223783851\">http:\/\/lattes.cnpq.br\/8296134223783851<\/a><\/p>\n\n\n\n<div style=\"height:8px\" aria-hidden=\"true\" class=\"wp-block-spacer\"><\/div>\n\n\n\n<p><strong>Cadeira n\u00ba 4. Maria Medianeira Padoin<\/strong><br>Doutora em Hist\u00f3ria\/UFRGS<br>Professora da gradua\u00e7\u00e3o e PPG em Hist\u00f3ria e do PPG em Patrim\u00f4nio Cultural da Universidade Federal de Santa Maria (UFSM)<\/p>\n\n\n\n<p><strong>Temas de pesquisa:<\/strong> Espa\u00e7o fronteiri\u00e7o platino, Hist\u00f3ria, pol\u00edtica e federalismo e a constru\u00e7\u00e3o dos estados nacionais, Imigra\u00e7\u00e3o e patrim\u00f4nio, Imigra\u00e7\u00e3o europeia e fronteira.<br><strong>E-mail:<\/strong> <a rel=\"noreferrer noopener\" href=\"mailto:mmpadoin@gmail.com\" target=\"_blank\">mmpadoin@gmail.com<\/a> \u00a0<br><strong>CV:<\/strong> <a href=\"http:\/\/lattes.cnpq.br\/7863155517478900\">http:\/\/lattes.cnpq.br\/7<\/a><a rel=\"noreferrer noopener\" href=\"http:\/\/lattes.cnpq.br\/7863155517478900\" target=\"_blank\">8<\/a><a href=\"http:\/\/lattes.cnpq.br\/7863155517478900\">63155517478900<\/a><\/p>\n\n\n\n<div style=\"height:10px\" aria-hidden=\"true\" class=\"wp-block-spacer\"><\/div>\n\n\n\n<p><strong>Cadeira n\u00ba 5. Martin Norberto Dreher<\/strong><br>Doutor em Teologia com concentra\u00e7\u00e3o em Hist\u00f3ria da Igreja &#8211; Ludwig-Maximilians-Universit\u00e4t M\u00fcnchen<br>Professor em\u00e9rito na Faculdade EST e Universidade do Vale do Rio dos Sinos (UNISINOS)<\/p>\n\n\n\n<p><strong>Temas de Pesquisa:<\/strong> Imigra\u00e7\u00e3o alem\u00e3, Rio Grande do Sul, Imigra\u00e7\u00e3o na Am\u00e9rica latina, Ideias e Movimentos Sociais na Am\u00e9rica Latina, Hist\u00f3ria e Teologia.<br><strong>E-mail: <\/strong><a rel=\"noreferrer noopener\" href=\"mailto:martindreher@terra.com.br\" target=\"_blank\">martindreher@terra.com.br<\/a><br><strong>CV:<\/strong> <a rel=\"noreferrer noopener\" href=\"http:\/\/lattes.cnpq.br\/3539434803899444\" target=\"_blank\">http:\/\/lattes.cnpq.br\/3539434803899444<\/a><\/p>\n\n\n\n<div style=\"height:14px\" aria-hidden=\"true\" class=\"wp-block-spacer\"><\/div>\n\n\n\n<p><strong>Cadeira n\u00ba 6. <\/strong>&nbsp;<strong>Rosane Marcia Neumann<\/strong><br>Doutora em Hist\u00f3ria\/PUCRS<br>P\u00f3s-Doutorado: Freie Universit\u00e4t Berlim\/Alemanha; PUCRS<br>Professora Visitante PPGH\/FURG<\/p>\n\n\n\n<p><strong>Temas de pesquisa:<\/strong> E\/imigra\u00e7\u00e3o alem\u00e3 na Am\u00e9rica Latina s\u00e9culo XIX e XX, Coloniza\u00e7\u00e3o p\u00fablica e privada no Rio Grande do Sul, Empresas de coloniza\u00e7\u00e3o, Trajet\u00f3rias migrat\u00f3rias.<br><strong>E-mail:<\/strong> <a rel=\"noreferrer noopener\" href=\"mailto:rosaneneumann@gmail.com\" target=\"_blank\">rosaneneumann@gmail.com<\/a><br><strong>CV: <\/strong><a rel=\"noreferrer noopener\" href=\"http:\/\/lattes.cnpq.br\/9670937037390742\" target=\"_blank\">http:\/\/lattes.cnpq.br\/9670937037390742<\/a><\/p>\n\n\n\n<div style=\"height:11px\" aria-hidden=\"true\" class=\"wp-block-spacer\"><\/div>\n\n\n\n<p><strong>Cadeira n\u00ba 7. Andr\u00e9 Huyer<\/strong><br>Doutor em Planejamento Urbano e Regional\/UFRGS<br>Estatut\u00e1rio do Minist\u00e9rio P\u00fablico -RS<\/p>\n\n\n\n<p><strong>Temas de Pesquisa:<\/strong> Ci\u00eancias Sociais Aplicadas, Arquitetura e Urbanismo, Planejamento Urbano e Regional.<br><strong>Email:<\/strong>\u00a0<a rel=\"noreferrer noopener\" href=\"mailto:andre@huyer.arq.br\" target=\"_blank\">andre@huyer.arq.br<\/a><br><strong>CV: <\/strong><a rel=\"noreferrer noopener\" href=\"http:\/\/lattes.cnpq.br\/1017634487584332\" target=\"_blank\">http:\/\/lattes.cnpq.br\/1017634487584332<\/a>\u00a0<\/p>\n\n\n\n<div style=\"height:18px\" aria-hidden=\"true\" class=\"wp-block-spacer\"><\/div>\n\n\n\n<p><strong>Cadeira n\u00ba 8. &nbsp;Cl\u00e9o Vilson Altenhofen<\/strong><br>Doutor em German\u00edstica pela Johannes Gutenberg-Universit\u00e4t de Mainz<br>P\u00f3s-doutorado: Universidades de Kiel e Marburg, Alemanha<br>Professor do Departamento de L\u00ednguas Modernas e do PPG em Letras da Universidade Federal do Rio Grande do Sul (UFRGS), linha de pesquisa \u201cSociolingu\u00edstica\u201d<\/p>\n\n\n\n<p><strong>Temas de pesquisa:<\/strong> Plurilinguismo e Contatos Lingu\u00edsticos (\u00eanfase no contato alem\u00e3o-portugu\u00eas), Varia\u00e7\u00e3o e Mudan\u00e7a Lingu\u00edstica, Variedades da L\u00edngua de Imigra\u00e7\u00e3o Alem\u00e3 no Brasil, L\u00ednguas Minorit\u00e1rias<br>Projeto ALMA-H: <a rel=\"noreferrer noopener\" href=\"http:\/\/www.ufrgs.br\/projalma\/\" target=\"_blank\">www.ufrgs.br\/projalma\/<\/a><br><strong>E-mail:<\/strong> <a rel=\"noreferrer noopener\" href=\"mailto:cvalten@ufrgs.br\" target=\"_blank\">cvalten@ufrgs.br<\/a><br><strong>CV:<\/strong> <a href=\"http:\/\/lattes.cnpq.br\/2211581098892916\">http:\/\/lattes.cnpq.br\/22115<\/a><a rel=\"noreferrer noopener\" href=\"http:\/\/lattes.cnpq.br\/2211581098892916\" target=\"_blank\">8<\/a><a href=\"http:\/\/lattes.cnpq.br\/2211581098892916\">1098892916<\/a><\/p>\n\n\n\n<div style=\"height:20px\" aria-hidden=\"true\" class=\"wp-block-spacer\"><\/div>\n\n\n\n<p><strong>Cadeira n\u00ba 9. \u00a0Ren\u00e9 Ernani Gertz<\/strong><br>Doutor em Ci\u00eancia Pol\u00edtica pela Freie Universit\u00e4t Berlin (FUB), onde tamb\u00e9m fez Est\u00e1gio de P\u00f3s-doutorado.<br>Professor aposentado, tendo sido professor na Universidade Cat\u00f3lica do Rio Grande do Sul (PUC-RS) e da Universidade Federal do Rio Grande do Sul (UFRGS), ambos no departamento de Hist\u00f3ria.<\/p>\n\n\n\n<p><strong>Temas de Pesquisa:<\/strong><br>Hist\u00f3ria do Brasil-Rep\u00fablica, Aspectos pol\u00edticos do processo de imigra\u00e7\u00e3o e coloniza\u00e7\u00e3o no sul do Brasil, Integralismo, Nazismo e neonazismo, Germanismo, Protestantismo, preconceitos \u00e9tnicos e religiosos, Pol\u00edtica ga\u00facha do Estado Novo, Historiografia alem\u00e3 contempor\u00e2nea.<br><strong>E-mail:<\/strong> <a href=\"mailto:gertz@cpovo.nrt\" target=\"_blank\" rel=\"noreferrer noopener\">gertz@cpovo.net<\/a><br><strong>CV:<\/strong> <a href=\"http:\/\/lattes.cnpq.br\/5149402586875448\" target=\"_blank\" rel=\"noreferrer noopener\">http:\/\/lattes.cnpq.br\/5149402586875448<\/a><\/p>\n\n\n\n<div style=\"height:13px\" aria-hidden=\"true\" class=\"wp-block-spacer\"><\/div>\n\n\n\n<p><strong>Cadeira n\u00ba 10. Erny M\u00fcgge<\/strong><br>Graduado em Pedagogia (Licenciatura) pela Universidade do Vale do Rio dos Sinos (Unisinos), com P\u00f3s-Gradua\u00e7\u00e3o em Administra\u00e7\u00e3o, Planejamento e Gest\u00e3o de Projetos Sociais pela Universidade Gama Filho e especializa\u00e7\u00e3o em revis\u00e3o de textos.<br>Professor e editor da Editora Oikos.<\/p>\n\n\n\n<p><strong>E-mail:<\/strong> <a href=\"mailto:ernymugge@gmail.com\" target=\"_blank\" rel=\"noreferrer noopener\">ernymugge@gmail.com<\/a><\/p>\n\n\n\n<div style=\"height:12px\" aria-hidden=\"true\" class=\"wp-block-spacer\"><\/div>\n\n\n\n<p><strong>Cadeira n\u00ba 11. D\u00e9cio Alo\u00edsio Schauren<\/strong><br>Graduado em Letras. Aposentado da UFRGS<\/p>\n\n\n\n<p><strong>Temas de pesquisa:<\/strong> Genealogia, imigra\u00e7\u00e3o alem\u00e3.<br><strong>E-mail:<\/strong> <a href=\"mailto:decioaloisio@gmail.com\">decioaloisio@gmail.com<\/a><\/p>\n\n\n\n<div style=\"height:14px\" aria-hidden=\"true\" class=\"wp-block-spacer\"><\/div>\n\n\n\n<p><strong>Cadeira n\u00ba 12. Cristina Seibert Schneider<\/strong><br>Doutora em Planejamento Urbano e Regional\/ UFRGS<br>Professora UNISINOS<\/p>\n\n\n\n<p><strong>Temas de pesquisa:<\/strong> Gest\u00e3o de projetos, patrim\u00f4nio material e imaterial, economia criativa, comunica\u00e7\u00e3o e comportamento, negocia\u00e7\u00e3o e gest\u00e3o de conflitos<br><strong>E-mail:<\/strong> <a rel=\"noreferrer noopener\" href=\"mailto:rosaneneumann@gmail.com\" target=\"_blank\">seiberts@unisinos.br<\/a><br><strong>CV: <\/strong><a href=\"http:\/\/lattes.cnpq.br\/6258378999346520\">http:\/\/lattes.cnpq.br\/6258378999346520<\/a><\/p>\n\n\n\n<div style=\"height:18px\" aria-hidden=\"true\" class=\"wp-block-spacer\"><\/div>\n\n\n\n<p><strong>Cadeira n\u00ba 13. Marcos Ant\u00f4nio Witt<\/strong><br>Doutor em Hist\u00f3ria\/PUC-RS<br><strong>Temas de pesquisa: <\/strong><br>Imigra\u00e7\u00e3o, Coloniza\u00e7\u00e3o, Imigra\u00e7\u00e3o alem\u00e3, Imigra\u00e7\u00e3o e \u201cperigo alem\u00e3o\u201d, Hist\u00f3ria comparada e imigra\u00e7\u00e3o.<br><strong>E-mail:<\/strong> <a rel=\"noreferrer noopener\" href=\"mailto:mawitt@unisinos.br\" target=\"_blank\">mawitt@unisinos.br<\/a><br><strong>CV:<\/strong> <a rel=\"noreferrer noopener\" href=\"http:\/\/lattes.cnpq.br\/5004407197335303\" target=\"_blank\">http:\/\/lattes.cnpq.br\/5004407197335303<\/a><\/p>\n\n\n\n<div style=\"height:14px\" aria-hidden=\"true\" class=\"wp-block-spacer\"><\/div>\n\n\n\n<p><strong>Cadeira n\u00ba 14.  <\/strong>Eduardo Kauer Pereira<br>Gradua\u00e7\u00e3o em Hist\u00f3ria. Diretor do Memorial do Imigrante Alem\u00e3o, Montegro (RS)<\/p>\n\n\n\n<p><strong>Temas de pesquisa:<\/strong> Imigra\u00e7\u00e3o alem\u00e3, genealogia.<br><strong>E-mail:<\/strong> <a href=\"mailto:estudekauer@hotmail.com\">estudekauer@hotmail.com<\/a><br><\/p>\n\n\n\n<div style=\"height:10px\" aria-hidden=\"true\" class=\"wp-block-spacer\"><\/div>\n\n\n\n<p><strong>Cadeira n\u00ba 15. <\/strong>&nbsp;<strong>Marluza Marques Harres<\/strong><br>Doutora em Hist\u00f3ria\/UFRGS<br>Professora aposentada da Universidade do Vale do Rio dos Sinos (UNISINOS)&nbsp;<\/p>\n\n\n\n<p><strong>Temas de pesquisa:<\/strong> Hist\u00f3ria pol\u00edtica, Hist\u00f3ria ambiental, Hist\u00f3ria agr\u00e1ria, Movimentos sociais.<br><strong>E-mail:<\/strong> <a rel=\"noreferrer noopener\" href=\"mailto:marluzmh@terra.com.br\" target=\"_blank\">marluzmh@terra.com.br<\/a><br><strong>CV:<\/strong> <a rel=\"noreferrer noopener\" href=\"http:\/\/lattes.cnpq.br\/5437421530403034\" target=\"_blank\">http:\/\/lattes.cnpq.br\/5437421530403034<\/a><\/p>\n\n\n\n<div style=\"height:12px\" aria-hidden=\"true\" class=\"wp-block-spacer\"><\/div>\n\n\n\n<p><strong>Cadeira n\u00ba 16. D\u00f3ris Rejane Fernandes<\/strong><br>Doutora em Hist\u00f3ria\/UNISINOS<br>Professora das Faculdades Integradas de Taquara (FACCAT)<\/p>\n\n\n\n<p><strong>Temas de pesquisa:<\/strong> Hist\u00f3ria agr\u00e1ria, fundi\u00e1ria, conflitos e rela\u00e7\u00f5es de poder; Imigra\u00e7\u00e3o e Coloniza\u00e7\u00e3o; Patrim\u00f4nio material e imaterial; Ensino e metodologia em hist\u00f3ria e hist\u00f3ria regional\/local, rela\u00e7\u00f5es \u00e9tnico-raciais.<br><strong>E-mail: <\/strong><a rel=\"noreferrer noopener\" href=\"mailto:dorisrejane@gmail.com\" target=\"_blank\">dorisrejane@gmail.com<\/a><br><strong>CV:<\/strong> <a rel=\"noreferrer noopener\" href=\"http:\/\/lattes.cnpq.br\/5592131370756851\" target=\"_blank\">http:\/\/lattes.cnpq.br\/5592131370756851<\/a><\/p>\n\n\n\n<div style=\"height:10px\" aria-hidden=\"true\" class=\"wp-block-spacer\"><\/div>\n\n\n\n<p><strong>Cadeira n\u00ba 17. <\/strong>&nbsp;<strong>Liene Maria Martins Sch\u00fctz<\/strong><br>Professora<br><strong>&nbsp;E-mail: <\/strong><a href=\"mailto:edahfis@ig.com.br\" target=\"_blank\" rel=\"noreferrer noopener\">edahfis@ig.com.br<\/a>;&nbsp; <a href=\"mailto:lieneschutz@ig.com.br\" target=\"_blank\" rel=\"noreferrer noopener\">lieneschutz@ig.com.br<\/a>&nbsp;<\/p>\n\n\n\n<div style=\"height:11px\" aria-hidden=\"true\" class=\"wp-block-spacer\"><\/div>\n\n\n\n<div style=\"height:7px\" aria-hidden=\"true\" class=\"wp-block-spacer\"><\/div>\n\n\n\n<p><strong>Cadeira n\u00ba 18.<\/strong> <strong>Cledes Markus<\/strong><br>Te\u00f3loga<strong>Temas de pesquisa:<\/strong> Ind\u00edgenas<br><strong>E-mail:<\/strong> <a href=\"mailto:Cledesmarkus06@gmail.com\">Cledesmarkus06@gmail.com<\/a><\/p>\n\n\n\n<div style=\"height:17px\" aria-hidden=\"true\" class=\"wp-block-spacer\"><\/div>\n\n\n\n<p><strong>Cadeira n\u00ba 19. <\/strong>\u00a0<strong>V\u00e2nia In\u00eas \u00c1vila Priamo<\/strong><br>Mestre em Hist\u00f3ria pelo Programa de P\u00f3s-gradua\u00e7\u00e3o em Hist\u00f3ria da UNISINOS.<br>Professora da rede P\u00fablica Municipal do Munic\u00edpio de Nova Hartz\/RS.<\/p>\n\n\n\n<p><strong>Temas de pesquisa:<\/strong> Patrim\u00f4nio Cultural, Turismo Cultural, Educa\u00e7\u00e3o para o Patrim\u00f4nio, Mem\u00f3ria e Museologia.<br><strong>E-mail:<\/strong> <a rel=\"noreferrer noopener\" href=\"mailto:vaniaines@ibest.com.br\" target=\"_blank\">vaniaines@ibest.com.br<\/a><br><strong>CV: <\/strong><a rel=\"noreferrer noopener\" href=\"http:\/\/lattes.cnpq.br\/0703815781833057\" target=\"_blank\">http:\/\/lattes.cnpq.br\/0703815781833057<\/a><\/p>\n\n\n\n<div style=\"height:5px\" aria-hidden=\"true\" class=\"wp-block-spacer\"><\/div>\n\n\n\n<p><strong>Cadeira n\u00ba 20. Osmar L. Witt<\/strong><br>Mestre em Teologia pela Faculdades EST<br>Professor da Escola Superior de Teologia (EST).<\/p>\n\n\n\n<p><strong>Temas de pesquisa:<\/strong> Hist\u00f3ria da Igreja e hist\u00f3ria do Brasil, Hist\u00f3ria da igreja antiga, Hist\u00f3ria das reformas do s\u00e9culo XVI.\u00a0\u00a0 <\/p>\n\n\n\n<p><strong>E-mail:<\/strong> <a rel=\"noreferrer noopener\" href=\"mailto:olwitt@est.edu.br\" target=\"_blank\">olwitt@est.edu.br<\/a><br><strong>CV:<\/strong> <a rel=\"noreferrer noopener\" href=\"http:\/\/lattes.cnpq.br\/7977148341505708\" target=\"_blank\">http:\/\/lattes.cnpq.br\/7977148341505708\u00a0\u00a0\u00a0\u00a0\u00a0\u00a0\u00a0\u00a0<\/a><\/p>\n\n\n\n<div style=\"height:10px\" aria-hidden=\"true\" class=\"wp-block-spacer\"><\/div>\n\n\n\n<p><strong>Cadeira n\u00ba 21. Gerson Roberto Neumann<\/strong><br>Doutor em German\u00edstica pela Freie Universit\u00e4t Berlin, Alemanha.<br>P\u00f3s-doutorado: Universit\u00e4t Potsdam, Alemanha.<br>Professor do Departamento de L\u00ednguas Modernas e do PPG em Letras da Universidade Federal do Rio Grande do Sul (UFRGS), linha de pesquisa \u201cTeoria, Cr\u00edtica e Comparatismo\u201d.<\/p>\n\n\n\n<p><strong>Temas de pesquisa:<\/strong><br>Literatura alem\u00e3 contempor\u00e2nea, Literatura em l\u00edngua alem\u00e3 no Brasil, Identidade cultural e nacional, Hunsr\u00fcckisch no Brasil, Migra\u00e7\u00e3o e quest\u00f5es de fronteira e as quest\u00f5es da literatura sem morada definida.<br><strong>E-mail: <\/strong><a href=\"mailto:gerson.neumann@gmail.com\" target=\"_blank\" rel=\"noreferrer noopener\">gerson.neumann@gmail.com<\/a><br><strong>CV:<\/strong> <a href=\"http:\/\/lattes.cnpq.br\/2632225674530234\" target=\"_blank\" rel=\"noreferrer noopener\">http:\/\/lattes.cnpq.br\/2632225674530234<\/a><\/p>\n\n\n\n<div style=\"height:16px\" aria-hidden=\"true\" class=\"wp-block-spacer\"><\/div>\n\n\n\n<p><strong>Cadeira n\u00ba 22. Karen Pupp Spinass\u00e9<\/strong><br>Doutora em Deutsch als Fremdsprache (Alem\u00e3o como LE) pela Technische Universit\u00e4t Berlin, Alemanha.<br>P\u00f3s-Doutorado em Lingu\u00edstica: Universit\u00e4t Potsdam, Alemanha<br>Professora da do Departamento de L\u00ednguas Modernas e do PPG em Letras da Universidade Federal do Rio Grande do Sul (UFRGS), linha de pesquisa \u201cSociolingu\u00edstica\u201d e \u201cLingu\u00edstica Aplicada\u201d<\/p>\n\n\n\n<p><strong>Temas de pesquisa:<\/strong><br>Bilinguismo, Biletramento,Curr\u00edculo bil\u00edngue, Did\u00e1tica de ensino de l\u00ednguas estrangeiras, Ensino do alem\u00e3o no Brasil, em especial no Rio Grande do Sul, em contextos de imigra\u00e7\u00e3o. Dialetologia e Hist\u00f3ria da Imigra\u00e7\u00e3o.<br><strong>E-mail:<\/strong>&nbsp; <a href=\"mailto:spinasse@ufrgs.br\" target=\"_blank\" rel=\"noreferrer noopener\">spinasse@ufrgs.br<\/a><br><strong>CV:<\/strong> <a href=\"http:\/\/lattes.cnpq.br\/7586623584877840\" target=\"_blank\" rel=\"noreferrer noopener\">http:\/\/lattes.cnpq.br\/7586623584877840<\/a><\/p>\n\n\n\n<div style=\"height:12px\" aria-hidden=\"true\" class=\"wp-block-spacer\"><\/div>\n\n\n\n<p><strong>Cadeira n\u00ba 23. Welington<\/strong> <strong>Augusto Blume<\/strong><br>Doutorando em Hist\u00f3ria\/PUCRS<\/p>\n\n\n\n<p><strong>Temas de pesquisa:<\/strong> Hist\u00f3ria da Am\u00e9rica Latina e estudos que contemplam abordagens comparativas, transnacionais e globais no campo dos estudos migrat\u00f3rios, com \u00eanfase para a Hist\u00f3ria Cultural e a Hist\u00f3ria Intelectual.<\/p>\n\n\n\n<p><strong>E-mail: <\/strong><a rel=\"noreferrer noopener\" href=\"mailto:jlcunha@smail.ufsm.br\" target=\"_blank\">welingtonblume@hotmail.com<br><\/a>CV: <a href=\"http:\/\/lattes.cnpq.br\/5125511030879519\">http:\/\/lattes.cnpq.br\/5125511030879519<\/a><\/p>\n\n\n\n<div style=\"height:11px\" aria-hidden=\"true\" class=\"wp-block-spacer\"><\/div>\n\n\n\n<p><strong>Cadeira n\u00ba 24. G\u00fcnter Weimer<\/strong><br>Doutorado em Arquitetura e Urbanismo pela Universidade de S\u00e3o Paulo (USP)<br>Professor aposentado da Faculdade de Arquitetura da Universidade Federal do Rio Grande do Sul<\/p>\n\n\n\n<p><strong>Temas de pesquisa:<\/strong> Arquitetura popular, Hist\u00f3ria da arquitetura, Imigra\u00e7\u00e3o alem\u00e3, A\u00e7orianos no Brasil e Rio Grande do Sul.<br><strong>E-mail:<\/strong> <a href=\"mailto:gunterweimer@gmail.com\">gunterweim<\/a><a rel=\"noreferrer noopener\" href=\"mailto:gunterweimer@gmail.com\" target=\"_blank\">e<\/a><a href=\"mailto:gunterweimer@gmail.com\">r@gmail.com<\/a><br><strong>CV:\u00a0<\/strong> <a rel=\"noreferrer noopener\" href=\"http:\/\/lattes.cnpq.br\/9294112826574839\" target=\"_blank\">http:\/\/lattes.cnpq.br\/9294112826574839<\/a><br><\/p>\n\n\n\n<p><strong>Cadeira n\u00ba 25. <\/strong>\u00a0\u00a0<strong>Oneide Bobsin<\/strong><br>Doutor\u00a0em Ci\u00eancias Sociais\/ PUCSP<br>Professor na EST.<br><strong>Temas de pesquisa:<\/strong> \u00a0Protestantismo na interfaces com fen\u00f4menos religiosos brasileiros e mundiais.<br><strong>E-mail: <\/strong><a href=\"http:\/\/lattes.cnpq.br\/9895594646147746\">obobsin@est.edu.br<\/a><br><strong>CV:<\/strong> <a href=\"http:\/\/lattes.cnpq.br\/9895594646147746\">http:\/\/lattes.cnpq.br\/9895594646147746<\/a><\/p>\n\n\n\n<div style=\"height:6px\" aria-hidden=\"true\" class=\"wp-block-spacer\"><\/div>\n\n\n\n<p><strong>Cadeira n\u00ba 26. <\/strong>\u00a0<strong>Dalva Neraci Reinheimer<\/strong><br>Doutora\u00a0em Hist\u00f3ria. Universidade do Vale do Rio dos Sinos, UNISINOS, Brasil.<br>Professora do Curso de Gradua\u00e7\u00e3o em Hist\u00f3ria na Faculdades Integradas de Taquara- FACCAT.<br><strong>Temas de pesquisa:<\/strong> Patrim\u00f4nio Cultural, Hist\u00f3ria econ\u00f4mica e social, Imigra\u00e7\u00e3o e coloniza\u00e7\u00e3o,Ensino de Hist\u00f3ria.<br><strong>E-mail: <\/strong><a rel=\"noreferrer noopener\" href=\"mailto:dalva@faccat.br\" target=\"_blank\">dalva@faccat.br<\/a>; <a rel=\"noreferrer noopener\" href=\"mailto:dalvahistoria@gmail.com\" target=\"_blank\">dalvahistoria@gmail.com<\/a><br><strong>CV:<\/strong> <a rel=\"noreferrer noopener\" href=\"http:\/\/lattes.cnpq.br\/0407489410040797\" target=\"_blank\">http:\/\/lattes.cnpq.br\/0407489410040797<\/a><\/p>\n\n\n\n<div style=\"height:10px\" aria-hidden=\"true\" class=\"wp-block-spacer\"><\/div>\n\n\n\n<p><strong>Cadeira n\u00ba 27.<\/strong> <strong>Isabel Cristina Arendt<\/strong><br>Doutora em Hist\u00f3ria pela Universidade do Vale do Rio dos Sinos, UNISINOS.<br>Professora no curso de Gradua\u00e7\u00e3o em Letras da Universidade do Vale do Rio dos Sinos.<\/p>\n\n\n\n<p><strong>Temas de pesquisa:<\/strong> Hist\u00f3ria da educa\u00e7\u00e3o, Hist\u00f3ria da imigra\u00e7\u00e3o alem\u00e3, Imprensa em l\u00edngua alem\u00e3, Identidade e Rio Grande do Sul, Patrim\u00f4nio hist\u00f3rico-cultural, Acervos hist\u00f3ricos.<br><strong>E-mail: <\/strong><a href=\"mailto:isaarendt@uol.com.br\">isaarendt@uol.com.br<\/a>;\u00a0 <a href=\"mailto:isabela@unisinos.br\">isabela@un<\/a><a rel=\"noreferrer noopener\" href=\"mailto:isabela@unisinos.br\" target=\"_blank\">i<\/a><a href=\"mailto:isabela@unisinos.br\">sinos.br<\/a> <br><strong>CV:<\/strong> <a rel=\"noreferrer noopener\" href=\"http:\/\/lattes.cnpq.br\/2201916088338236\" target=\"_blank\">http:\/\/lattes.cnpq.br\/2201916088338236<\/a><\/p>\n\n\n\n<div style=\"height:16px\" aria-hidden=\"true\" class=\"wp-block-spacer\"><\/div>\n\n\n\n<p><strong>Cadeira n\u00ba 28. Nilza Huyer Ely<\/strong><br>T\u00e9cnica em Contabilidade. Exatora Estadual aposentada. Pesquisadora<\/p>\n\n\n\n<p><strong>Temas de pesquisa:<\/strong> Imigra\u00e7\u00e3o e coloniza\u00e7\u00e3o, Litoral Norte do RS.<br><strong>E-mail: <\/strong><a rel=\"noreferrer noopener\" href=\"mailto:huyernilza@uol.com.br\" target=\"_blank\">huyernilza@uol.com.br<\/a><\/p>\n\n\n\n<div style=\"height:13px\" aria-hidden=\"true\" class=\"wp-block-spacer\"><\/div>\n\n\n\n<p><strong>Cadeira n\u00ba 29.<\/strong> <strong>Roswithia Weber<\/strong><br>Doutora em Hist\u00f3ria. Universidade Federal do Rio Grande do Sul, UFRGS.<br>Professora dos Cursos de Hist\u00f3ria, Design e Turismo na Universidade Feevale (Novo Hamburgo\/RS)<\/p>\n\n\n\n<p><strong>Temas de pesquisa:<\/strong> Hist\u00f3ria Regional do Brasil, Processos de constru\u00e7\u00e3o de identidades locais, Identidade \u00e9tnica e rela\u00e7\u00f5es inter\u00e9tnicas, Identidade e turismo.<br><strong>E-mail:<\/strong> <a rel=\"noreferrer noopener\" href=\"mailto:roswithia@uol.com.br\" target=\"_blank\">roswithia@gmail.com<\/a><br><strong>CV:<\/strong>\u00a0 <a rel=\"noreferrer noopener\" href=\"http:\/\/lattes.cnpq.br\/081597400826447\" target=\"_blank\">http:\/\/lattes.cnpq.br\/081597400826447<\/a><\/p>\n\n\n\n<div style=\"height:13px\" aria-hidden=\"true\" class=\"wp-block-spacer\"><\/div>\n\n\n\n<p><strong>Cadeira n\u00ba 30.<\/strong> <strong>V\u00e2nia Beatriz Merlotti Her\u00e9dia<\/strong><br>Doutora em Hist\u00f3ria pela Universidade de G\u00eanova Sede Descentralizada em Turim, It\u00e1lia. P\u00f3s-Doutorado em Hist\u00f3ria Econ\u00f4mica: Universit\u00e0 degli Studi di Padova, UNIPD, It\u00e1lia.<br>Professora aposentada da Universidade de Caxias do Sul (UCS)<\/p>\n\n\n\n<p><strong>Temas de pesquisa:<\/strong> Migra\u00e7\u00f5es contempor\u00e2neas, Migra\u00e7\u00f5es internas, Migra\u00e7\u00f5es hist\u00f3ricas, Envelhecimento populacional e pol\u00edticas p\u00fablicas, Trabalho e pol\u00edticas sociais, Hist\u00f3ria regional e hist\u00f3ria de empresas.<br><strong>E-mail:<\/strong> <a rel=\"noreferrer noopener\" href=\"mailto:vbmhered@gmail.com\" target=\"_blank\">vbmhered@gmail.com \u00a0<\/a><br><strong>CV:<\/strong> <a rel=\"noreferrer noopener\" href=\"http:\/\/lattes.cnpq.br\/2028194865995189\" target=\"_blank\">http:\/\/lattes.cnpq.br\/2028194865995189<\/a><\/p>\n\n\n\n<p><\/p>\n\n\n\n<p><\/p>\n\n\n\n<p><\/p>\n\n\n\n<p><\/p>\n\n\n\n<p><\/p>\n\n\n\n<p><\/p>\n\n\n\n<p><\/p>\n\n\n\n<p><\/p>\n\n\n\n<p><\/p>\n\n\n\n<p><\/p>\n\n\n\n<p><\/p>\n\n\n\n<p><\/p>\n\n\n\n<p><\/p>\n\n\n\n<p><\/p>\n\n\n\n<p><\/p>\n\n\n\n<p><\/p>\n\n\n\n<p><\/p>\n\n\n\n<p><\/p>\n\n\n\n<p><\/p>\n\n\n\n<p><\/p>\n\n\n\n<p><\/p>\n\n\n\n<p><\/p>\n\n\n\n<p><\/p>\n\n\n\n<p><\/p>\n\n\n\n<p><\/p>\n\n\n\n<p><\/p>\n\n\n\n<p><\/p>\n\n\n\n<p><\/p>\n\n\n\n<p><\/p>\n\n\n\n<p><\/p>\n","protected":false},"excerpt":{"rendered":"<p>Cadeira n\u00ba 1. Rodrigo Luis dos SantosDoutor em Hist\u00f3ria\/UNISINOS Professor na gradua\u00e7\u00e3o e do PPG em Hist\u00f3ria da Universidade de&hellip; <a class=\"read-more\" href=\"https:\/\/institutohistoricosl.com.br\/?page_id=9\">Continue lendo<\/a><\/p>\n","protected":false},"author":2,"featured_media":0,"parent":0,"menu_order":0,"comment_status":"closed","ping_status":"closed","template":"","meta":[],"_links":{"self":[{"href":"https:\/\/institutohistoricosl.com.br\/index.php?rest_route=\/wp\/v2\/pages\/9"}],"collection":[{"href":"https:\/\/institutohistoricosl.com.br\/index.php?rest_route=\/wp\/v2\/pages"}],"about":[{"href":"https:\/\/institutohistoricosl.com.br\/index.php?rest_route=\/wp\/v2\/types\/page"}],"author":[{"embeddable":true,"href":"https:\/\/institutohistoricosl.com.br\/index.php?rest_route=\/wp\/v2\/users\/2"}],"replies":[{"embeddable":true,"href":"https:\/\/institutohistoricosl.com.br\/index.php?rest_route=%2Fwp%2Fv2%2Fcomments&post=9"}],"version-history":[{"count":62,"href":"https:\/\/institutohistoricosl.com.br\/index.php?rest_route=\/wp\/v2\/pages\/9\/revisions"}],"predecessor-version":[{"id":1308,"href":"https:\/\/institutohistoricosl.com.br\/index.php?rest_route=\/wp\/v2\/pages\/9\/revisions\/1308"}],"wp:attachment":[{"href":"https:\/\/institutohistoricosl.com.br\/index.php?rest_route=%2Fwp%2Fv2%2Fmedia&parent=9"}],"curies":[{"name":"wp","href":"https:\/\/api.w.org\/{rel}","templated":true}]}}