{"id":836,"date":"2021-05-04T19:03:45","date_gmt":"2021-05-04T19:03:45","guid":{"rendered":"http:\/\/institutohistoricosl.com.br\/?page_id=836"},"modified":"2026-04-06T23:01:06","modified_gmt":"2026-04-06T23:01:06","slug":"45-anos-do-ihsl","status":"publish","type":"page","link":"https:\/\/institutohistoricosl.com.br\/?page_id=836","title":{"rendered":"Instituto Hist\u00f3rico de S\u00e3o Leopoldo acaba de completar 50 anos"},"content":{"rendered":"<\/p>\n<p>\u00a0 \u00a0 \u00a0<\/p>\n<p>\u00a0\u00a0\u00a0\u00a0\u00a0\u00a0\u00a0\u00a0\u00a0\u00a0\u00a0 Contando com uma constela\u00e7\u00e3o pol\u00edtica favor\u00e1vel, que inclu\u00eda Euclides Triches, descendente de italianos, como governador do Rio Grande do Sul, Ernesto Geisel, descendente de alem\u00e3es, na presid\u00eancia da Rep\u00fablica, e ainda Arnaldo da Costa Prieto, pol\u00edtico com base eleitoral no Vale do Rio dos Sinos, como ministro do trabalho, foi comemorado, em 1974 e 1975, no estado, o &#8220;bi\u00eanio da imigra\u00e7\u00e3o e coloniza\u00e7\u00e3o&#8221; \u2013 o primeiro para rememorar os 150 anos da chegada de imigrantes alem\u00e3es a S\u00e3o Leopoldo, em 1824, o segundo os 100 anos de chegada de italianos para a serra ga\u00facha, em 1875.<\/p>\n<p>\u00a0\u00a0\u00a0\u00a0\u00a0\u00a0\u00a0\u00a0\u00a0\u00a0\u00a0 No primeiro ano, as comemora\u00e7\u00f5es, naturalmente, teriam como centro S\u00e3o Leopoldo, onde um irm\u00e3o do citado ministro \u2013 Henrique \u2013 era prefeito. Al\u00e9m dos muitos atos festivos programados e levados a efeito, aconteceu um evento mais \u201cacad\u00eamico\u201d sobre a hist\u00f3ria da imigra\u00e7\u00e3o alem\u00e3, n\u00e3o s\u00f3 para S\u00e3o Leopoldo, mas para todo o Rio Grande do Sul, denominado \u201cI Simp\u00f3sio de Hist\u00f3ria da Imigra\u00e7\u00e3o e Coloniza\u00e7\u00e3o Alem\u00e3 no Rio Grande do Sul\u201d, de 12 a 15 de setembro de 1974.<\/p>\n<p style=\"text-align: left;\">\u00a0\u00a0\u00a0\u00a0\u00a0\u00a0\u00a0\u00a0\u00a0\u00a0\u00a0 Como era praxe na \u00e9poca, em eventos deste tipo, foram apresentadas e aprovadas v\u00e1rias \u201cmo\u00e7\u00f5es\u201d, uma das quais estabelecia que encontros deste tipo deveriam realizar-se de dois em dois anos. Paralelo \u00e0 institucionaliza\u00e7\u00e3o de encontros regulares para estudar a hist\u00f3ria da imigra\u00e7\u00e3o e coloniza\u00e7\u00e3o alem\u00e3, surgiu a ideia de cria\u00e7\u00e3o do Instituto Hist\u00f3rico de S\u00e3o Leopoldo. Ap\u00f3s v\u00e1rias tratativas informais, convocou-se uma reuni\u00e3o na qual foi aprovado o estatuto, publicado no Di\u00e1rio Oficial do RS, em 4 de setembro de 1975, e depositado no Registro Civil de Pessoas Jur\u00eddicas, em S\u00e3o Leopoldo, no dia 22 do mesmo m\u00eas e ano. Segundo o artigo primeiro, em sua reda\u00e7\u00e3o da \u00e9poca, \u201co Instituto Hist\u00f3rico de S\u00e3o Leopoldo, sociedade civil sem fins lucrativos, fundado e instalado em 25 de julho de 1975, com sede e foro na cidade de S\u00e3o Leopoldo, RS, tem por fim promover e divulgar estudos e investiga\u00e7\u00f5es que se relacionam com a hist\u00f3ria do Rio Grande do Sul, particularmente no tocante \u00e0 imigra\u00e7\u00e3o e coloniza\u00e7\u00e3o alem\u00e3\u201d.<\/p>\n<p>\u00a0\u00a0\u00a0\u00a0\u00a0\u00a0\u00a0\u00a0\u00a0\u00a0\u00a0 Inicialmente constitu\u00eddo por 20 \u201ccadeiras\u201d, os s\u00f3cios e as s\u00f3cias fundadores e respectivos patronos e patronas foram: Helga Iracema Landgraf Piccolo (Imperatriz Leopoldina), Ramiro Frota Barcelos (Visconde de S\u00e3o Leopoldo), Angela Tereza Sperb (Jos\u00e9 Thomaz de Lima), Bertholdo Weber (Jo\u00e3o Jorge Ehlers), Carlos Henrique Hunsche (Jo\u00e3o Daniel Hillebrand), Adolfo Zimmermann Netto (Afonso Mabilde), Germano Oscar Moehlecke (Jo\u00e3o Gr\u00fcnewald), Moacyr Domingues (Carlos von Koseritz), Arthur Rabuske (Ambr\u00f3sio Schupp), Guilherme Frederico Rotermund (Wilhelm Rotermund), Milton Valente (Carlos Teschauer), Ruben Celestino Neis (Theodor Amstad), Leandro Silva Telles (Pedro Weing\u00e4rtner), Klaus Becker (Arno Philipp), S\u00e9rgio Roberto Dillenburg (Jo\u00e3o Batista Hafkemeyer), Carlos de Souza Moraes (Aur\u00e9lio Porto), Liene Maria Martins Sch\u00fctz (Leopoldo Petry), Pedro Ign\u00e1cio Schmitz (Luiz Gonzaga Jaeger), Telmo Lauro M\u00fcller (Lindolfo Collor), Walter Koch (Erich Fausel). Mais tarde, o n\u00famero de \u201ccadeiras\u201d foi ampliado para 30. Quando uma cadeira fica vaga, qualquer s\u00f3cio ou s\u00f3cia efetivo(a) pode sugerir candidatos ou candidatas, uma comiss\u00e3o avalia seu curr\u00edculo, e emite um parecer; a seguir, o plen\u00e1rio vota. Para ser admitido, precisa obter o voto favor\u00e1vel da maioria dos s\u00f3cios-efetivos.<\/p>\n<p>\u00a0\u00a0\u00a0\u00a0\u00a0\u00a0\u00a0\u00a0\u00a0\u00a0\u00a0 A rotina do Instituto \u00e9 muito simples: os s\u00f3cios se re\u00fanem, em princ\u00edpio, no \u00faltimo s\u00e1bado dos meses de mar\u00e7o, abril, maio, junho, agosto, setembro, outubro e novembro para uma reuni\u00e3o mensal ordin\u00e1ria, com tr\u00eas horas de dura\u00e7\u00e3o; a de mar\u00e7o \u00e9 precedida por uma assembleia geral ordin\u00e1ria. Iniciando com assuntos administrativos, a sess\u00e3o segue com uma &#8220;grande comunica\u00e7\u00e3o&#8221;, uma palestra, em geral proferida por um dos confrades ou uma das confreiras, ou por um convidado ou uma convidada. Ap\u00f3s um per\u00edodo de debates, v\u00eam as &#8220;pequenas comunica\u00e7\u00f5es&#8221;, quando cada s\u00f3cio ou s\u00f3cia tem oportunidade de apresentar ou comentar not\u00edcias de interesse geral, registrar a ocorr\u00eancia de eventos passados ou futuros, informar sobre o lan\u00e7amento de publica\u00e7\u00f5es etc.<\/p>\n<p>\u00a0\u00a0\u00a0\u00a0\u00a0\u00a0\u00a0\u00a0\u00a0\u00a0\u00a0 Criado de forma espec\u00edfica para dedicar-se \u00e0 hist\u00f3ria da imigra\u00e7\u00e3o e coloniza\u00e7\u00e3o alem\u00e3 \u2013 fato que se reflete na escolha dos patronos das \u201ccadeiras\u201d \u2013, o Instituto sofreu transforma\u00e7\u00f5es, no decorrer do tempo, e ampliou seu campo de interesse e de pesquisa, n\u00e3o se restringindo mais a deslocamentos humanos espec\u00edficos a determinadas etnias ou nacionalidades. Poderia dizer-se que, atualmente, a tem\u00e1tica do Instituto \u00e9 a hist\u00f3ria das (i)migra\u00e7\u00f5es.<\/p>\n<p>\u00a0\u00a0\u00a0\u00a0\u00a0\u00a0\u00a0\u00a0\u00a0\u00a0\u00a0 Al\u00e9m dos resultados para seus pr\u00f3prios s\u00f3cios e da eventual utiliza\u00e7\u00e3o de seus estudos e debates para orientar a\u00e7\u00f5es p\u00fablicas ou privadas, no campo da preserva\u00e7\u00e3o e do envolvimento com a hist\u00f3ria da sociedade, n\u00e3o h\u00e1 d\u00favida de que um dos mais importantes efeitos para um p\u00fablico mais amplo \u00e9 a organiza\u00e7\u00e3o dos simp\u00f3sios, que, em 2024 atingiram o n\u00famero XXV. Est\u00e3o sendo realizados desde o ano 2000 em parceria com o Programa de P\u00f3s-Gradua\u00e7\u00e3o em Hist\u00f3ria da Universidade do Vale do Rio dos Sinos \u2013 UNISINOS \u2013, motivo pelo qual os eventos passaram a ostentar, al\u00e9m do t\u00edtulo \u201cSimp\u00f3sio\u201d, mais outro sugerido pela institui\u00e7\u00e3o parceira. Cabe destacar que, devido ao encerramento do Programa de P\u00f3s-Gradua\u00e7\u00e3o em Hist\u00f3ria da Unisinos, no simp\u00f3sio de 2024 a parceria foi com a Faculdades EST. Os trabalhos apresentados nestes eventos, n\u00e3o s\u00f3 por s\u00f3cios e s\u00f3cias, mas por qualquer pessoa interessada (desde que de qualidade e atinentes \u00e0 tem\u00e1tica privilegiada pelo Instituto), est\u00e3o publicados em milhares de p\u00e1ginas, de f\u00e1cil acesso para quem quiser consult\u00e1-los. Al\u00e9m disso, o Instituto tem colaborado na divulga\u00e7\u00e3o de trabalhos considerados importantes, incentivando e apoiando sua publica\u00e7\u00e3o.<\/p>\n<p>\u00a0\u00a0\u00a0\u00a0\u00a0\u00a0\u00a0\u00a0\u00a0\u00a0\u00a0 Infelizmente, as conhecidas enchentes de 2024 atingiram em cheio as rememora\u00e7\u00f5es do bicenten\u00e1rio de in\u00edcio da imigra\u00e7\u00e3o e coloniza\u00e7\u00e3o alem\u00e3 para o Rio Grande do Sul. Apesar deste contratempo, as atividades do IHSL deram uma contribui\u00e7\u00e3o muito importante na produ\u00e7\u00e3o e na divulga\u00e7\u00e3o de estudos sobre este importante acontecimento hist\u00f3rico. Para evitar uma longa lista de publica\u00e7\u00f5es de grande relev\u00e2ncia, seja citada, aqui, de forma ilustrativa, a edi\u00e7\u00e3o do famoso cl\u00e1ssico de Jean Roche sobre A coloniza\u00e7\u00e3o alem\u00e3 e o Rio Grande do Sul (S\u00e3o Leopoldo: Oikos Editora, 2022). Num volume de 824 p\u00e1ginas, o p\u00fablico tem, agora, a seu dispor, uma edi\u00e7\u00e3o \u201ccompleta, revisada e atualizada\u201d, cabendo lembrar que na vers\u00e3o anteriormente publicada em portugu\u00eas faltavam notas de rodap\u00e9 e indica\u00e7\u00f5es bibliogr\u00e1ficas, al\u00e9m de um conjunto de imagens, constantes no texto original da tese de doutorado, em franc\u00eas.<\/p>\n<p>\u00a0\u00a0\u00a0\u00a0\u00a0\u00a0\u00a0\u00a0\u00a0\u00a0\u00a0 Para dar publicidade ao Instituto Hist\u00f3rico de S\u00e3o Leopoldo e a seus integrantes, resolveu-se editar um livro alusivo ao seu cinquenten\u00e1rio, com informa\u00e7\u00f5es b\u00e1sicas sobre patronos e patronas das \u201ccadeiras\u201d bem como sobre seus ocupantes atuais. O jubileu tamb\u00e9m foi lembrado numa reuni\u00e3o ordin\u00e1ria ocorrida no dia 29 de novembro de 2025, seguida de um frugal almo\u00e7o festivo.<\/p>\n<p>\u00a0<\/p><\/p>\n","protected":false},"excerpt":{"rendered":"<p>\u00a0 \u00a0 \u00a0 \u00a0\u00a0\u00a0\u00a0\u00a0\u00a0\u00a0\u00a0\u00a0\u00a0\u00a0 Contando com uma constela\u00e7\u00e3o pol\u00edtica favor\u00e1vel, que inclu\u00eda Euclides Triches, descendente de italianos, como governador do&hellip; <a class=\"read-more\" href=\"https:\/\/institutohistoricosl.com.br\/?page_id=836\">Continue lendo<\/a><\/p>\n","protected":false},"author":2,"featured_media":0,"parent":0,"menu_order":0,"comment_status":"closed","ping_status":"closed","template":"","meta":[],"_links":{"self":[{"href":"https:\/\/institutohistoricosl.com.br\/index.php?rest_route=\/wp\/v2\/pages\/836"}],"collection":[{"href":"https:\/\/institutohistoricosl.com.br\/index.php?rest_route=\/wp\/v2\/pages"}],"about":[{"href":"https:\/\/institutohistoricosl.com.br\/index.php?rest_route=\/wp\/v2\/types\/page"}],"author":[{"embeddable":true,"href":"https:\/\/institutohistoricosl.com.br\/index.php?rest_route=\/wp\/v2\/users\/2"}],"replies":[{"embeddable":true,"href":"https:\/\/institutohistoricosl.com.br\/index.php?rest_route=%2Fwp%2Fv2%2Fcomments&post=836"}],"version-history":[{"count":19,"href":"https:\/\/institutohistoricosl.com.br\/index.php?rest_route=\/wp\/v2\/pages\/836\/revisions"}],"predecessor-version":[{"id":1291,"href":"https:\/\/institutohistoricosl.com.br\/index.php?rest_route=\/wp\/v2\/pages\/836\/revisions\/1291"}],"wp:attachment":[{"href":"https:\/\/institutohistoricosl.com.br\/index.php?rest_route=%2Fwp%2Fv2%2Fmedia&parent=836"}],"curies":[{"name":"wp","href":"https:\/\/api.w.org\/{rel}","templated":true}]}}