{"id":830,"date":"2021-04-24T17:02:38","date_gmt":"2021-04-24T17:02:38","guid":{"rendered":"http:\/\/institutohistoricosl.com.br\/?page_id=830"},"modified":"2021-05-26T18:53:24","modified_gmt":"2021-05-26T18:53:24","slug":"seminario-internacional-migracoes-fronteiras-territorios-e-culturas-e-xxiv-simposio-de-historia-da-imigracao-e-colonizacao","status":"publish","type":"page","link":"https:\/\/institutohistoricosl.com.br\/?page_id=830","title":{"rendered":"Semin\u00e1rio Internacional \u201cMigra\u00e7\u00f5es: fronteiras, territ\u00f3rios e culturas\u201d e XXIV Simp\u00f3sio de Hist\u00f3ria da Imigra\u00e7\u00e3o e Coloniza\u00e7\u00e3o"},"content":{"rendered":"\n<h3 class=\"has-text-align-center\">(28,29 e 30 de setembro de 2021) <\/h3>\n\n\n\n<div style=\"height:50px\" aria-hidden=\"true\" class=\"wp-block-spacer\"><\/div>\n\n\n\n<p><strong>Inscri\u00e7\u00f5es: <\/strong><br><a rel=\"noreferrer noopener\" href=\"http:\/\/www.unisinos.br\/eventos\/seminario-internacional-migracoes-fronteiras-territorios-e-culturas-ex920699-00001\" target=\"_blank\"><strong>http:\/\/www.unisinos.br\/eventos\/seminario-internacional-migracoes-fronteiras-territorios-e-culturas-ex920699-00001<\/strong><\/a><\/p>\n\n\n\n<div style=\"height:41px\" aria-hidden=\"true\" class=\"wp-block-spacer\"><\/div>\n\n\n\n<figure class=\"wp-block-image size-large\"><img loading=\"lazy\" width=\"591\" height=\"837\" src=\"http:\/\/institutohistoricosl.com.br\/wp-content\/uploads\/2021\/05\/image-12.png\" alt=\"\" class=\"wp-image-890\" srcset=\"https:\/\/institutohistoricosl.com.br\/wp-content\/uploads\/2021\/05\/image-12.png 591w, https:\/\/institutohistoricosl.com.br\/wp-content\/uploads\/2021\/05\/image-12-212x300.png 212w\" sizes=\"(max-width: 591px) 100vw, 591px\" \/><\/figure>\n\n\n\n<figure class=\"wp-block-image size-large\"><img loading=\"lazy\" width=\"590\" height=\"835\" src=\"http:\/\/institutohistoricosl.com.br\/wp-content\/uploads\/2021\/05\/image-11.png\" alt=\"\" class=\"wp-image-889\" srcset=\"https:\/\/institutohistoricosl.com.br\/wp-content\/uploads\/2021\/05\/image-11.png 590w, https:\/\/institutohistoricosl.com.br\/wp-content\/uploads\/2021\/05\/image-11-212x300.png 212w\" sizes=\"(max-width: 590px) 100vw, 590px\" \/><\/figure>\n\n\n\n<figure class=\"wp-block-image size-large\"><img loading=\"lazy\" width=\"592\" height=\"839\" src=\"http:\/\/institutohistoricosl.com.br\/wp-content\/uploads\/2021\/05\/image-10.png\" alt=\"\" class=\"wp-image-888\" srcset=\"https:\/\/institutohistoricosl.com.br\/wp-content\/uploads\/2021\/05\/image-10.png 592w, https:\/\/institutohistoricosl.com.br\/wp-content\/uploads\/2021\/05\/image-10-212x300.png 212w\" sizes=\"(max-width: 592px) 100vw, 592px\" \/><\/figure>\n\n\n\n<figure class=\"wp-block-image size-large\"><img loading=\"lazy\" width=\"590\" height=\"839\" src=\"http:\/\/institutohistoricosl.com.br\/wp-content\/uploads\/2021\/05\/image-9.png\" alt=\"\" class=\"wp-image-887\" srcset=\"https:\/\/institutohistoricosl.com.br\/wp-content\/uploads\/2021\/05\/image-9.png 590w, https:\/\/institutohistoricosl.com.br\/wp-content\/uploads\/2021\/05\/image-9-211x300.png 211w\" sizes=\"(max-width: 590px) 100vw, 590px\" \/><\/figure>\n\n\n\n<figure class=\"wp-block-image size-large\"><img loading=\"lazy\" width=\"592\" height=\"839\" src=\"http:\/\/institutohistoricosl.com.br\/wp-content\/uploads\/2021\/05\/image-8.png\" alt=\"\" class=\"wp-image-886\" srcset=\"https:\/\/institutohistoricosl.com.br\/wp-content\/uploads\/2021\/05\/image-8.png 592w, https:\/\/institutohistoricosl.com.br\/wp-content\/uploads\/2021\/05\/image-8-212x300.png 212w\" sizes=\"(max-width: 592px) 100vw, 592px\" \/><\/figure>\n\n\n\n<figure class=\"wp-block-image size-large\"><img loading=\"lazy\" width=\"595\" height=\"842\" src=\"http:\/\/institutohistoricosl.com.br\/wp-content\/uploads\/2021\/05\/image-7.png\" alt=\"\" class=\"wp-image-885\" srcset=\"https:\/\/institutohistoricosl.com.br\/wp-content\/uploads\/2021\/05\/image-7.png 595w, https:\/\/institutohistoricosl.com.br\/wp-content\/uploads\/2021\/05\/image-7-212x300.png 212w\" sizes=\"(max-width: 595px) 100vw, 595px\" \/><\/figure>\n\n\n\n<div style=\"height:20px\" aria-hidden=\"true\" class=\"wp-block-spacer\"><\/div>\n\n\n\n<p><a rel=\"noreferrer noopener\" href=\"http:\/\/institutohistoricosl.com.br\/wp-content\/uploads\/2021\/03\/Programa-vers\u00e3o-15-jan-2021-SEM-OFICINAS.docx\" target=\"_blank\">Baixe aqui a programa\u00e7\u00e3o do evento<\/a><\/p>\n\n\n\n<p><br>Confira a aba&nbsp;<strong><a rel=\"noreferrer noopener\" href=\"http:\/\/institutohistoricosl.com.br\/?page_id=54\" target=\"_blank\">Eventos<\/a><\/strong>&nbsp;para se informar de tudo que est\u00e1 acontecendo no IHSL!<\/p>\n","protected":false},"excerpt":{"rendered":"<p>(28,29 e 30 de setembro de 2021) Inscri\u00e7\u00f5es: http:\/\/www.unisinos.br\/eventos\/seminario-internacional-migracoes-fronteiras-territorios-e-culturas-ex920699-00001 Baixe aqui a programa\u00e7\u00e3o do evento Confira a aba&nbsp;Eventos&nbsp;para se informar&hellip; <a class=\"read-more\" href=\"https:\/\/institutohistoricosl.com.br\/?page_id=830\">Continue lendo<\/a><\/p>\n","protected":false},"author":2,"featured_media":0,"parent":0,"menu_order":0,"comment_status":"closed","ping_status":"closed","template":"","meta":[],"_links":{"self":[{"href":"https:\/\/institutohistoricosl.com.br\/index.php?rest_route=\/wp\/v2\/pages\/830"}],"collection":[{"href":"https:\/\/institutohistoricosl.com.br\/index.php?rest_route=\/wp\/v2\/pages"}],"about":[{"href":"https:\/\/institutohistoricosl.com.br\/index.php?rest_route=\/wp\/v2\/types\/page"}],"author":[{"embeddable":true,"href":"https:\/\/institutohistoricosl.com.br\/index.php?rest_route=\/wp\/v2\/users\/2"}],"replies":[{"embeddable":true,"href":"https:\/\/institutohistoricosl.com.br\/index.php?rest_route=%2Fwp%2Fv2%2Fcomments&post=830"}],"version-history":[{"count":13,"href":"https:\/\/institutohistoricosl.com.br\/index.php?rest_route=\/wp\/v2\/pages\/830\/revisions"}],"predecessor-version":[{"id":902,"href":"https:\/\/institutohistoricosl.com.br\/index.php?rest_route=\/wp\/v2\/pages\/830\/revisions\/902"}],"wp:attachment":[{"href":"https:\/\/institutohistoricosl.com.br\/index.php?rest_route=%2Fwp%2Fv2%2Fmedia&parent=830"}],"curies":[{"name":"wp","href":"https:\/\/api.w.org\/{rel}","templated":true}]}}

Seminário Internacional “Migrações: fronteiras, territórios e culturas” e XXIV Simpósio de História da Imigração e Colonização

<h3 class="has-text-align-center">(28,29 e 30 de setembro de 2021) </h3>



<div style="height:50px" aria-hidden="true" class="wp-block-spacer"></div>



<p><strong>Inscrições: </strong><br><a rel="noreferrer noopener" href="http://www.unisinos.br/eventos/seminario-internacional-migracoes-fronteiras-territorios-e-culturas-ex920699-00001" target="_blank"><strong>http://www.unisinos.br/eventos/seminario-internacional-migracoes-fronteiras-territorios-e-culturas-ex920699-00001</strong></a></p>



<div style="height:41px" aria-hidden="true" class="wp-block-spacer"></div>



<figure class="wp-block-image size-large"><img loading="lazy" width="591" height="837" src="http://institutohistoricosl.com.br/wp-content/uploads/2021/05/image-12.png" alt="" class="wp-image-890" srcset="https://institutohistoricosl.com.br/wp-content/uploads/2021/05/image-12.png 591w, https://institutohistoricosl.com.br/wp-content/uploads/2021/05/image-12-212x300.png 212w" sizes="(max-width: 591px) 100vw, 591px" /></figure>



<figure class="wp-block-image size-large"><img loading="lazy" width="590" height="835" src="http://institutohistoricosl.com.br/wp-content/uploads/2021/05/image-11.png" alt="" class="wp-image-889" srcset="https://institutohistoricosl.com.br/wp-content/uploads/2021/05/image-11.png 590w, https://institutohistoricosl.com.br/wp-content/uploads/2021/05/image-11-212x300.png 212w" sizes="(max-width: 590px) 100vw, 590px" /></figure>



<figure class="wp-block-image size-large"><img loading="lazy" width="592" height="839" src="http://institutohistoricosl.com.br/wp-content/uploads/2021/05/image-10.png" alt="" class="wp-image-888" srcset="https://institutohistoricosl.com.br/wp-content/uploads/2021/05/image-10.png 592w, https://institutohistoricosl.com.br/wp-content/uploads/2021/05/image-10-212x300.png 212w" sizes="(max-width: 592px) 100vw, 592px" /></figure>



<figure class="wp-block-image size-large"><img loading="lazy" width="590" height="839" src="http://institutohistoricosl.com.br/wp-content/uploads/2021/05/image-9.png" alt="" class="wp-image-887" srcset="https://institutohistoricosl.com.br/wp-content/uploads/2021/05/image-9.png 590w, https://institutohistoricosl.com.br/wp-content/uploads/2021/05/image-9-211x300.png 211w" sizes="(max-width: 590px) 100vw, 590px" /></figure>



<figure class="wp-block-image size-large"><img loading="lazy" width="592" height="839" src="http://institutohistoricosl.com.br/wp-content/uploads/2021/05/image-8.png" alt="" class="wp-image-886" srcset="https://institutohistoricosl.com.br/wp-content/uploads/2021/05/image-8.png 592w, https://institutohistoricosl.com.br/wp-content/uploads/2021/05/image-8-212x300.png 212w" sizes="(max-width: 592px) 100vw, 592px" /></figure>



<figure class="wp-block-image size-large"><img loading="lazy" width="595" height="842" src="http://institutohistoricosl.com.br/wp-content/uploads/2021/05/image-7.png" alt="" class="wp-image-885" srcset="https://institutohistoricosl.com.br/wp-content/uploads/2021/05/image-7.png 595w, https://institutohistoricosl.com.br/wp-content/uploads/2021/05/image-7-212x300.png 212w" sizes="(max-width: 595px) 100vw, 595px" /></figure>



<div style="height:20px" aria-hidden="true" class="wp-block-spacer"></div>



<p><a rel="noreferrer noopener" href="http://institutohistoricosl.com.br/wp-content/uploads/2021/03/Programa-versão-15-jan-2021-SEM-OFICINAS.docx" target="_blank">Baixe aqui a programação do evento</a></p>



<p><br>Confira a aba&nbsp;<strong><a rel="noreferrer noopener" href="http://institutohistoricosl.com.br/?page_id=54" target="_blank">Eventos</a></strong>&nbsp;para se informar de tudo que está acontecendo no IHSL!</p>

<p>(28,29 e 30 de setembro de 2021) Inscrições: http://www.unisinos.br/eventos/seminario-internacional-migracoes-fronteiras-territorios-e-culturas-ex920699-00001 Baixe aqui a programação do evento Confira a aba&nbsp;Eventos&nbsp;para se informar&hellip; <a class="read-more" href="https://institutohistoricosl.com.br/?page_id=830">Continue lendo</a></p>
