{"id":68,"date":"2020-05-26T07:21:43","date_gmt":"2020-05-26T07:21:43","guid":{"rendered":"http:\/\/institutohistoricosl.com.br\/?page_id=68"},"modified":"2020-08-06T17:16:15","modified_gmt":"2020-08-06T17:16:15","slug":"resumo-do-projeto-ingles-e-alemao","status":"publish","type":"page","link":"https:\/\/institutohistoricosl.com.br\/?page_id=68","title":{"rendered":""},"content":{"rendered":"\n<div style=\"height:41px\" aria-hidden=\"true\" class=\"wp-block-spacer\"><\/div>\n\n\n\n<h4 class=\"has-text-align-center\"><strong>AUF DEM WEG INS JAHR 2024: 200 JAHRE \u2013<\/strong> <strong>DEUTSCHSPRACHIGE MIGRATIONEN NACH BRASILIEN<\/strong><\/h4>\n\n\n\n<div style=\"height:26px\" aria-hidden=\"true\" class=\"wp-block-spacer\"><\/div>\n\n\n\n<p>Das vorliegende Projekt, das vom Historischen Institut S\u00e3o Leopoldo (IHSL) konzipiert wurde und Forschung sowie zus\u00e4tzliche Hochschulangebote f\u00fcr Externe umfasst, bezieht sich auf die Gedenkfeierlichkeiten zum 200. Jahrestag des Beginns der deutschsprachigen Migration nach Brasilien, die mit der Ankunft der ersten Einwanderer aus deutschen Regionen und der Gr\u00fcndung der sogenannten Kolonie S\u00e3o Leopoldo in der damaligen Provinz S\u00e3o Pedro do Rio Grande do Sul, der s\u00fcdlichsten Brasiliens, am 25. Juli 1824 ihren Anfang nimmt.<\/p>\n\n\n\n<p>In nur wenigen Jahren feiern wir also den zweihundertj\u00e4hrigen Jahrestag der deutschsprachigen Einwanderung und es ist wichtig, dass zu dieser Zeit eine Reihe von Aktivit\u00e4ten veranstaltet werden, die durch eine Vielfalt an Initiativen in Bezug auf Forschung, Registrierung und Verbreitung kritischer Konzepte zur Migration im Allgemeinen des Beginns des Migrationsprozesses von diesen Ausl\u00e4ndern aus dem deutschsprachigen Raum in den S\u00fcden Brasiliens gedenken.<\/p>\n\n\n\n<p>Wir schlagen eine Reihe thematisch spezifischer (Sub)Projekte vor, die nicht blos feierlich oder selbstreferenziell beim Aufbau einer nur folkloristischen, eingebildeten Tradition der Einwanderungsgeschichte sind, sondern die vielmehr dazu beitragen k\u00f6nnen, dass neue Konzepte bedacht und formuliert werden, und die auch soziopolitisch auf die Anschauung des gesamten Prozesses der deutschen Einwanderung und Kolonisation in Brasilien auswirken.<\/p>\n\n\n\n<p>Dieses vom IHSL in Zusammenarbeit mit Partnerinstitutionen und assoziierten Wissenschaftlern umzusetzende Projekt zielt in diesem Sinne darauf ab, M\u00f6glichkeiten zur kritischen Auseinandersetzung zum Thema in allen Wissensbereichen zu schaffen, um zur politisch-kulturellen Praxis eines Ged\u00e4chtnis und einer Geschichte der 1824 begonnenen deutschsprachigen Einwanderung nach Brasilien beizutragen. Wenn historische Themen in Bezug auf menschliche Migrationen im Allgemeinen und genauer auf die deutschsprachigen Migrationen im nationalen und internationalen Kontext offengelegt, diskutiert und verbreitet werden, k\u00f6nnen verschiedene Schweigemomente \u00fcberdacht und neue Horizonte bedacht werden.<\/p>\n\n\n\n<p>Daher ist es von gro\u00dfer Bedeutung, unsere Augen zu sch\u00e4rfen, um die Relevanz der Wiederaufnahme, der Verbreitung, der Diskussion und der Ausl\u00f6sung verschiedener \u00c4u\u00dferungs- und Produktionsformen (wissenschaftlich, kulturell, sozial usw.) zu verstehen, mit dem Ziel, alte Praktiken des Gedenkens und damit auch des Verstehens der deutschsprachigen Migration nach Brasilien zu \u00fcberwinden.<\/p>\n\n\n\n<p>Unser Vorschlag ist also, eine Reihe von Aktivit\u00e4ten durchzuf\u00fchren, die zur Forschung, zur Registrierung und zur Verbreitung kritischer Konzepte \u00fcber die Migrationen zu f\u00fchren, damit der Anfang der Einwanderung von Ausl\u00e4ndern, insbesondere von deutschsprachigen Menschen, nach Brasilien bedacht wird, wie im Folgenden:<\/p>\n\n\n\n<p>a) Neuausgagen bedeutender (sogenannter klassischer) Publikationen im Bereich der Historiographie zur deutschsprachigen Einwanderung nach Brasilien;<\/p>\n\n\n\n<p>b) \u00dcbersetzung von Werken zur deutschsprachigen Einwanderung nach und Kolonisation in Brasilien, die noch nicht auf Portugiesisch ver\u00f6ffentlicht wurden;<\/p>\n\n\n\n<p>c) Organisation und Ver\u00f6ffentlichung des \u201eDicion\u00e1rio Enciclop\u00e9dico de Migra\u00e7\u00f5es\u201c [Enzyklop\u00e4disches W\u00f6rterbuch der Migrationen] mit Schwerpunkt auf der F\u00f6rderung von Reflexionen und Diskussionen \u00fcber Begriffe und Konzepte in Bezug auf menschliche Migrationen und Diaspora;<\/p>\n\n\n\n<p>d) Organisation von Sammelb\u00e4nden zu spezifischen Themen bez\u00fcglich der deutschsprachigen Einwanderung und der Kolonisation in Brasilien (Arbeit, Familie, Religion, Erziehung, Sprachen\/Dialekte, Kultur, Musik usw.);<\/p>\n\n\n\n<p>e) Organisation, Herausgabe und Verbreitung eines Gedenkbuchs \u00fcber die 200 Jahre deutschsprachiger Kolonisation in Brasilien;<\/p>\n\n\n\n<p>f) Ausgabe von B\u00fcchern zur Verwendung im Bildungsbereich, im schulischen oder au\u00dferschulischen Kontext;<\/p>\n\n\n\n<p>g) Verfassung und Publikation von neuen B\u00fcchern;<\/p>\n\n\n\n<p>h) Ausf\u00fchrung einer Wanderausstellung von Gem\u00e4lden des K\u00fcnstlers Fl\u00e1vio Scholles zur deutsch-brasilianischen Kultur mit einem Katalog oder Buch namens \u201eBilder, die sprechen\u201c;<\/p>\n\n\n\n<p>i) Produktion journalistischer Ver\u00f6ffentlichungen (Berichte, Interviews, Beilagen usw.) zur Verbreitung des kulturellen Ged\u00e4chtnisses und der Geschichte der 200 Jahre deutschsprachige Einwanderung nach Brasilien;<\/p>\n\n\n\n<p>j) Veranstaltung im Jahrgang 2024 des Internationalen Seminares \u201c200 Anos de Hist\u00f3ria das Migra\u00e7\u00f5es Alem\u00e3s [200 Jahre Geschichte deutschsprachiger Migrationen] und XXV. Symposium zur Geschichte der Einwanderung und Kolonisation.<\/p>\n\n\n\n<p>Es handelt sich also um Originalpublikationen, Neuausgaben, \u00dcbersetzungen aus anderen Sprachen (insbesondere aus dem Deutschen) ins Portugiesische, Erweiterung der Themenbereiche, Einbindung in den Bildungsbereich, Organisation von Veranstaltungen o. \u00c4., die zur Ausweitung des Migrationsbegriffs (Auswanderung, Einwanderung, Zuwanderung, Kolonisation) und zur Auseinandersetzung mit den soziokulturellen Auswirkungen dieses Prozesses beitragen, indem die Organisation, die Konsolidierung und der Ausbau von Forschungsnetzwerken sowie die Vielfalt der Ausdr\u00fccke im Bereich von Forschung-Handlung-Ausbildung bez\u00fcglich des Themas dieses Projektes gef\u00f6rdert werden.<\/p>\n\n\n\n<div style=\"height:51px\" aria-hidden=\"true\" class=\"wp-block-spacer\"><\/div>\n\n\n\n<h4 class=\"has-text-align-center\"><strong>ON THE WAY TO 2024: 200 YEARS \u2013 GERMAN MIGRATIONS TO BRAZIL<\/strong><\/h4>\n\n\n\n<p>This project, which was developed by the Historical Institute of S\u00e3o Leopoldo (IHSL) and involves research as well as outreach, refers to the celebrations of the 200th anniversary of the beginning of the German-speaking migration to Brazil, which began with the establishment of the first immigrants from German territories and the foundation of the so-called Colony of S\u00e3o Leopoldo, in the then Province of S\u00e3o Pedro do Rio Grande do Sul, in the southernmost region of Brazil, on July 25, 1824.<\/p>\n\n\n\n<p>We are thus only a few years away from the bicentenary of German-speaking immigration and it is crucial to organize a set of activities that recall the beginning of the migration process of these foreigners, from German-speaking regions, in the south of Brazil, through research, registration and dissemination of critical concepts regarding the human migrations in general.<\/p>\n\n\n\n<p>We propose a series of thematically specific projects and sub-projects that can contribute to envisage and formulate new concepts with sociopolitical effect on the whole process of immigration and colonization in Brazil, not merely festive ones or self-referenced in the construction of a tradition \u2013 only folkloric \u2013 imaginatively built about this history.<\/p>\n\n\n\n<p>The intention of this project, to be implemented by IHSL in cooperation with partner institutions and associated researchers, is, in this sense, to create possibilities for critical thinking about this subject in all areas of knowledge, in order to contribute to the political-cultural <em>praxis<\/em> of a memory and of a history about the Germanic immigration to Brazil, initiated in 1824. A number of silences can be reconsidered and new horizons can be thought of whenwe disclose, discuss and disseminate historical issues linked to the human migrations in general and to the German migrations in national and international context.<\/p>\n\n\n\n<p>Thus, it is fundamentally important to sharpen our vision to understand the relevance of resumption, dissemination, discussion and provocation of several manifestations and productions (scientific, cultural, social, etc.), to collaborate with the overcoming of traditional old practices of remember, and consequently, of the significance of the German migrations to Brazil.<\/p>\n\n\n\n<p>The proposal is thus to develop a series of activities that lead to research, registration and dissemination of critical concepts regarding the human migrations in order to recall the beginning of the immigration process of foreigners, particularly of German-speaking people, to Brazil, as below:<\/p>\n\n\n\n<p>a) Re-editions of publications considered classic in the field of historiography on German-speaking immigration to Brazil;<\/p>\n\n\n\n<p>b) translations of works about the German immigration and the colonization in Brazil that have not yet been published in Portuguese;<\/p>\n\n\n\n<p>c) organization and publication of the \u201cDicion\u00e1rio Enciclop\u00e9dico de Migra\u00e7\u00f5es\u201d [Encyclopedic Dictionary of Migrations] with emphasis on promoting reflections and discussions about concepts related to the migrations, the Diaspora and the human displacements;<\/p>\n\n\n\n<p>d) organization of collections about specific topics linked to the German immigration and the colonization in Brazil (work, family, religion, education, languages\/dialects, culture, music, etc.);<\/p>\n\n\n\n<p>e) organization, edition and release of a commemorative book on the 200 years of the German immigration in Brazil;<\/p>\n\n\n\n<p>f) editions of paradidactic books to be used in the education field, in school or non-school context;<\/p>\n\n\n\n<p>g) publications of new books;<\/p>\n\n\n\n<p>h) execution of a travelling exhibition of paintings from the artist Fl\u00e1vio Scholles related to the German-Brazilian culture, with catalog or book named \u201c<em>Bilder, die sprechen<\/em>\u201d; &nbsp;<\/p>\n\n\n\n<p>i) production of journalistic publications (reports, interviews, newspaper sections, etc.) to disseminate the memory and the history of the 200 years of the German-speaking immigration to Brazil;<\/p>\n\n\n\n<p>j) organization of the International Seminar \u201c200 Year History of the German Migrations and XXV Symposium on the History of Immigration and Colonization\u201d, in 2024.<\/p>\n\n\n\n<p>Therefore, it is going to concern original publications, re-editions, translations of other languages (especially of the German language) into Portuguese, thematic expansion, involvement with the educational field, organization of events etc., that seek to contribute to the expansion of the concept of migration (emigration, immigration, colonization) and to the study of the socio-cultural effects of this process, promoting the organization, consolidation and expansion of research networks and the diversity of research-action-formation expressions related to this project\u2019s theme.<\/p>\n","protected":false},"excerpt":{"rendered":"<p>AUF DEM WEG INS JAHR 2024: 200 JAHRE \u2013 DEUTSCHSPRACHIGE MIGRATIONEN NACH BRASILIEN Das vorliegende Projekt, das vom Historischen Institut&hellip; <a class=\"read-more\" href=\"https:\/\/institutohistoricosl.com.br\/?page_id=68\">Continue lendo<\/a><\/p>\n","protected":false},"author":2,"featured_media":0,"parent":0,"menu_order":0,"comment_status":"closed","ping_status":"closed","template":"","meta":[],"_links":{"self":[{"href":"https:\/\/institutohistoricosl.com.br\/index.php?rest_route=\/wp\/v2\/pages\/68"}],"collection":[{"href":"https:\/\/institutohistoricosl.com.br\/index.php?rest_route=\/wp\/v2\/pages"}],"about":[{"href":"https:\/\/institutohistoricosl.com.br\/index.php?rest_route=\/wp\/v2\/types\/page"}],"author":[{"embeddable":true,"href":"https:\/\/institutohistoricosl.com.br\/index.php?rest_route=\/wp\/v2\/users\/2"}],"replies":[{"embeddable":true,"href":"https:\/\/institutohistoricosl.com.br\/index.php?rest_route=%2Fwp%2Fv2%2Fcomments&post=68"}],"version-history":[{"count":4,"href":"https:\/\/institutohistoricosl.com.br\/index.php?rest_route=\/wp\/v2\/pages\/68\/revisions"}],"predecessor-version":[{"id":659,"href":"https:\/\/institutohistoricosl.com.br\/index.php?rest_route=\/wp\/v2\/pages\/68\/revisions\/659"}],"wp:attachment":[{"href":"https:\/\/institutohistoricosl.com.br\/index.php?rest_route=%2Fwp%2Fv2%2Fmedia&parent=68"}],"curies":[{"name":"wp","href":"https:\/\/api.w.org\/{rel}","templated":true}]}}

<div style="height:41px" aria-hidden="true" class="wp-block-spacer"></div>



<h4 class="has-text-align-center"><strong>AUF DEM WEG INS JAHR 2024: 200 JAHRE –</strong> <strong>DEUTSCHSPRACHIGE MIGRATIONEN NACH BRASILIEN</strong></h4>



<div style="height:26px" aria-hidden="true" class="wp-block-spacer"></div>



<p>Das vorliegende Projekt, das vom Historischen Institut São Leopoldo (IHSL) konzipiert wurde und Forschung sowie zusätzliche Hochschulangebote für Externe umfasst, bezieht sich auf die Gedenkfeierlichkeiten zum 200. Jahrestag des Beginns der deutschsprachigen Migration nach Brasilien, die mit der Ankunft der ersten Einwanderer aus deutschen Regionen und der Gründung der sogenannten Kolonie São Leopoldo in der damaligen Provinz São Pedro do Rio Grande do Sul, der südlichsten Brasiliens, am 25. Juli 1824 ihren Anfang nimmt.</p>



<p>In nur wenigen Jahren feiern wir also den zweihundertjährigen Jahrestag der deutschsprachigen Einwanderung und es ist wichtig, dass zu dieser Zeit eine Reihe von Aktivitäten veranstaltet werden, die durch eine Vielfalt an Initiativen in Bezug auf Forschung, Registrierung und Verbreitung kritischer Konzepte zur Migration im Allgemeinen des Beginns des Migrationsprozesses von diesen Ausländern aus dem deutschsprachigen Raum in den Süden Brasiliens gedenken.</p>



<p>Wir schlagen eine Reihe thematisch spezifischer (Sub)Projekte vor, die nicht blos feierlich oder selbstreferenziell beim Aufbau einer nur folkloristischen, eingebildeten Tradition der Einwanderungsgeschichte sind, sondern die vielmehr dazu beitragen können, dass neue Konzepte bedacht und formuliert werden, und die auch soziopolitisch auf die Anschauung des gesamten Prozesses der deutschen Einwanderung und Kolonisation in Brasilien auswirken.</p>



<p>Dieses vom IHSL in Zusammenarbeit mit Partnerinstitutionen und assoziierten Wissenschaftlern umzusetzende Projekt zielt in diesem Sinne darauf ab, Möglichkeiten zur kritischen Auseinandersetzung zum Thema in allen Wissensbereichen zu schaffen, um zur politisch-kulturellen Praxis eines Gedächtnis und einer Geschichte der 1824 begonnenen deutschsprachigen Einwanderung nach Brasilien beizutragen. Wenn historische Themen in Bezug auf menschliche Migrationen im Allgemeinen und genauer auf die deutschsprachigen Migrationen im nationalen und internationalen Kontext offengelegt, diskutiert und verbreitet werden, können verschiedene Schweigemomente überdacht und neue Horizonte bedacht werden.</p>



<p>Daher ist es von großer Bedeutung, unsere Augen zu schärfen, um die Relevanz der Wiederaufnahme, der Verbreitung, der Diskussion und der Auslösung verschiedener Äußerungs- und Produktionsformen (wissenschaftlich, kulturell, sozial usw.) zu verstehen, mit dem Ziel, alte Praktiken des Gedenkens und damit auch des Verstehens der deutschsprachigen Migration nach Brasilien zu überwinden.</p>



<p>Unser Vorschlag ist also, eine Reihe von Aktivitäten durchzuführen, die zur Forschung, zur Registrierung und zur Verbreitung kritischer Konzepte über die Migrationen zu führen, damit der Anfang der Einwanderung von Ausländern, insbesondere von deutschsprachigen Menschen, nach Brasilien bedacht wird, wie im Folgenden:</p>



<p>a) Neuausgagen bedeutender (sogenannter klassischer) Publikationen im Bereich der Historiographie zur deutschsprachigen Einwanderung nach Brasilien;</p>



<p>b) Übersetzung von Werken zur deutschsprachigen Einwanderung nach und Kolonisation in Brasilien, die noch nicht auf Portugiesisch veröffentlicht wurden;</p>



<p>c) Organisation und Veröffentlichung des „Dicionário Enciclopédico de Migrações“ [Enzyklopädisches Wörterbuch der Migrationen] mit Schwerpunkt auf der Förderung von Reflexionen und Diskussionen über Begriffe und Konzepte in Bezug auf menschliche Migrationen und Diaspora;</p>



<p>d) Organisation von Sammelbänden zu spezifischen Themen bezüglich der deutschsprachigen Einwanderung und der Kolonisation in Brasilien (Arbeit, Familie, Religion, Erziehung, Sprachen/Dialekte, Kultur, Musik usw.);</p>



<p>e) Organisation, Herausgabe und Verbreitung eines Gedenkbuchs über die 200 Jahre deutschsprachiger Kolonisation in Brasilien;</p>



<p>f) Ausgabe von Büchern zur Verwendung im Bildungsbereich, im schulischen oder außerschulischen Kontext;</p>



<p>g) Verfassung und Publikation von neuen Büchern;</p>



<p>h) Ausführung einer Wanderausstellung von Gemälden des Künstlers Flávio Scholles zur deutsch-brasilianischen Kultur mit einem Katalog oder Buch namens „Bilder, die sprechen“;</p>



<p>i) Produktion journalistischer Veröffentlichungen (Berichte, Interviews, Beilagen usw.) zur Verbreitung des kulturellen Gedächtnisses und der Geschichte der 200 Jahre deutschsprachige Einwanderung nach Brasilien;</p>



<p>j) Veranstaltung im Jahrgang 2024 des Internationalen Seminares “200 Anos de História das Migrações Alemãs [200 Jahre Geschichte deutschsprachiger Migrationen] und XXV. Symposium zur Geschichte der Einwanderung und Kolonisation.</p>



<p>Es handelt sich also um Originalpublikationen, Neuausgaben, Übersetzungen aus anderen Sprachen (insbesondere aus dem Deutschen) ins Portugiesische, Erweiterung der Themenbereiche, Einbindung in den Bildungsbereich, Organisation von Veranstaltungen o. Ä., die zur Ausweitung des Migrationsbegriffs (Auswanderung, Einwanderung, Zuwanderung, Kolonisation) und zur Auseinandersetzung mit den soziokulturellen Auswirkungen dieses Prozesses beitragen, indem die Organisation, die Konsolidierung und der Ausbau von Forschungsnetzwerken sowie die Vielfalt der Ausdrücke im Bereich von Forschung-Handlung-Ausbildung bezüglich des Themas dieses Projektes gefördert werden.</p>



<div style="height:51px" aria-hidden="true" class="wp-block-spacer"></div>



<h4 class="has-text-align-center"><strong>ON THE WAY TO 2024: 200 YEARS – GERMAN MIGRATIONS TO BRAZIL</strong></h4>



<p>This project, which was developed by the Historical Institute of São Leopoldo (IHSL) and involves research as well as outreach, refers to the celebrations of the 200th anniversary of the beginning of the German-speaking migration to Brazil, which began with the establishment of the first immigrants from German territories and the foundation of the so-called Colony of São Leopoldo, in the then Province of São Pedro do Rio Grande do Sul, in the southernmost region of Brazil, on July 25, 1824.</p>



<p>We are thus only a few years away from the bicentenary of German-speaking immigration and it is crucial to organize a set of activities that recall the beginning of the migration process of these foreigners, from German-speaking regions, in the south of Brazil, through research, registration and dissemination of critical concepts regarding the human migrations in general.</p>



<p>We propose a series of thematically specific projects and sub-projects that can contribute to envisage and formulate new concepts with sociopolitical effect on the whole process of immigration and colonization in Brazil, not merely festive ones or self-referenced in the construction of a tradition – only folkloric – imaginatively built about this history.</p>



<p>The intention of this project, to be implemented by IHSL in cooperation with partner institutions and associated researchers, is, in this sense, to create possibilities for critical thinking about this subject in all areas of knowledge, in order to contribute to the political-cultural <em>praxis</em> of a memory and of a history about the Germanic immigration to Brazil, initiated in 1824. A number of silences can be reconsidered and new horizons can be thought of whenwe disclose, discuss and disseminate historical issues linked to the human migrations in general and to the German migrations in national and international context.</p>



<p>Thus, it is fundamentally important to sharpen our vision to understand the relevance of resumption, dissemination, discussion and provocation of several manifestations and productions (scientific, cultural, social, etc.), to collaborate with the overcoming of traditional old practices of remember, and consequently, of the significance of the German migrations to Brazil.</p>



<p>The proposal is thus to develop a series of activities that lead to research, registration and dissemination of critical concepts regarding the human migrations in order to recall the beginning of the immigration process of foreigners, particularly of German-speaking people, to Brazil, as below:</p>



<p>a) Re-editions of publications considered classic in the field of historiography on German-speaking immigration to Brazil;</p>



<p>b) translations of works about the German immigration and the colonization in Brazil that have not yet been published in Portuguese;</p>



<p>c) organization and publication of the “Dicionário Enciclopédico de Migrações” [Encyclopedic Dictionary of Migrations] with emphasis on promoting reflections and discussions about concepts related to the migrations, the Diaspora and the human displacements;</p>



<p>d) organization of collections about specific topics linked to the German immigration and the colonization in Brazil (work, family, religion, education, languages/dialects, culture, music, etc.);</p>



<p>e) organization, edition and release of a commemorative book on the 200 years of the German immigration in Brazil;</p>



<p>f) editions of paradidactic books to be used in the education field, in school or non-school context;</p>



<p>g) publications of new books;</p>



<p>h) execution of a travelling exhibition of paintings from the artist Flávio Scholles related to the German-Brazilian culture, with catalog or book named “<em>Bilder, die sprechen</em>”; &nbsp;</p>



<p>i) production of journalistic publications (reports, interviews, newspaper sections, etc.) to disseminate the memory and the history of the 200 years of the German-speaking immigration to Brazil;</p>



<p>j) organization of the International Seminar “200 Year History of the German Migrations and XXV Symposium on the History of Immigration and Colonization”, in 2024.</p>



<p>Therefore, it is going to concern original publications, re-editions, translations of other languages (especially of the German language) into Portuguese, thematic expansion, involvement with the educational field, organization of events etc., that seek to contribute to the expansion of the concept of migration (emigration, immigration, colonization) and to the study of the socio-cultural effects of this process, promoting the organization, consolidation and expansion of research networks and the diversity of research-action-formation expressions related to this project’s theme.</p>
