{"id":39,"date":"2020-05-26T07:06:39","date_gmt":"2020-05-26T07:06:39","guid":{"rendered":"http:\/\/institutohistoricosl.com.br\/?page_id=39"},"modified":"2026-04-11T22:32:37","modified_gmt":"2026-04-11T22:32:37","slug":"cadeiras-patronos-historico-de-ocupantes","status":"publish","type":"page","link":"https:\/\/institutohistoricosl.com.br\/?page_id=39","title":{"rendered":"Cadeiras                     (patronos; hist\u00f3rico de ocupantes)"},"content":{"rendered":"\n<p><br><\/p>\n\n\n\n<p><strong><u>S\u00d3CIOS EFETIVOS<\/u><\/strong><\/p>\n\n\n\n<div style=\"height:31px\" aria-hidden=\"true\" class=\"wp-block-spacer\"><\/div>\n\n\n\n<p><strong>Cadeira n\u00ba 1. <\/strong>Patrona: Imperatriz Leopoldina<br>1\u00ba. ocupante: Prof\u00aa Dr\u00aa Helga I. L. Piccolo&nbsp;<br>Ocupante: Prof. Dr. Rodrigo Luis dos Santos<\/p>\n\n\n\n<div style=\"height:42px\" aria-hidden=\"true\" class=\"wp-block-spacer\"><\/div>\n\n\n\n<p><strong>Cadeira n\u00ba 2. <\/strong>Patrono: Visconde de S\u00e3o Leopoldo<br>1\u00ba ocupante: Ramiro Frota Barcelos<br>2\u00ba ocupante: Frei Dr. Rov\u00edlio Costa<br>3\u00ba ocupante: Prof\u00aa Dr\u00aa N\u00fancia Santoro de Constantino<br>4\u00aa ocupante: Profa. Dra. Terciane Angela Luchese<\/p>\n\n\n\n<p>Ocupante: Dra. V\u00e9ra Lucia Maciel Barroso                                                              <\/p>\n\n\n\n<div style=\"height:45px\" aria-hidden=\"true\" class=\"wp-block-spacer\"><\/div>\n\n\n\n<p><strong>Cadeira n\u00ba 3. <\/strong>Patrono: Joz\u00e9 Thomaz de Lima<br>1\u00aa. ocupante: Profa. Ms. \u00c2ngela Tereza Sperb<br>2\u00aa ocupante: Profa. Dra. Maria Catarina Chitolina Zanini<\/p>\n\n\n\n<p>Ocupante: Dra. Elaine Smaniotto<\/p>\n\n\n\n<div class=\"wp-container-1 wp-block-group\"><div class=\"wp-block-group__inner-container\"><\/div><\/div>\n\n\n\n<div style=\"height:11px\" aria-hidden=\"true\" class=\"wp-block-spacer\"><\/div>\n\n\n\n<p><strong>Cadeira n\u00ba 4. <\/strong>Patrono: Pastor Johann Georg Ehlers<br>1\u00ba ocupante: P. Dr. hc. Bertholdo Weber<br>2\u00ba. ocupante: Sr. Jos\u00e9 Carlos Eggers<br>Ocupante: Profa. Dra. Maria Medianeira Padoin<\/p>\n\n\n\n<div style=\"height:49px\" aria-hidden=\"true\" class=\"wp-block-spacer\"><\/div>\n\n\n\n<p><strong>Cadeira n\u00ba 5. <\/strong>Patrono: Dr. Jo\u00e3o Daniel Hillebrand<br>1\u00ba ocupante: Dr. Carlos Henrique Hunsche<br>Ocupante: Prof. Dr. Martin Norberto Dreher<\/p>\n\n\n\n<div style=\"height:11px\" aria-hidden=\"true\" class=\"wp-block-spacer\"><\/div>\n\n\n\n<p><strong>Cadeira n\u00ba 6. <\/strong>Patrono: Eng\u00ba Afonso Mabilde<br>1\u00ba ocupante: Adolfo Zimmermann Netto<br>2\u00ba ocupante: Prof. Dr. Ricardo Willy Rieth<br>Ocupante: Profa. Dra. Rosane Marcia Neumann<\/p>\n\n\n\n<div style=\"height:9px\" aria-hidden=\"true\" class=\"wp-block-spacer\"><\/div>\n\n\n\n<p><strong>Cadeira n\u00ba 7. <\/strong>Patrono: Jo\u00e3o Gr\u00fcnewald<br>1\u00ba. ocupante: Germano Oscar Moehlecke<br>Ocupante: Dr. Andr\u00e9 Huyer<\/p>\n\n\n\n<div style=\"height:9px\" aria-hidden=\"true\" class=\"wp-block-spacer\"><\/div>\n\n\n\n<p><strong>Cadeira n\u00ba 8. <\/strong>Patrono: Carlos von Koseritz<br>1\u00ba ocupante: Moacyr Domingues<br>Ocupante: Prof. Dr. Cl\u00e9o Vilson Altenhofen<\/p>\n\n\n\n<div style=\"height:4px\" aria-hidden=\"true\" class=\"wp-block-spacer\"><\/div>\n\n\n\n<p><strong>Cadeira n\u00ba 9. <\/strong>Patrono: P. Ambrosio Schupp S. J.<br>1\u00ba ocupante: P. Prof. Dr. hc&nbsp; Arthur Rabuske<br>Ocupante: Prof. Dr. Ren\u00e9 Ernaini Gertz<\/p>\n\n\n\n<div style=\"height:13px\" aria-hidden=\"true\" class=\"wp-block-spacer\"><\/div>\n\n\n\n<p><strong>Cadeira n\u00ba 10. <\/strong>Patrono: Pastor Dr. Wilhelm Rotermund<br>1\u00ba ocupante: Dr. Guilherme Frederico Rotermund<br>2\u00ba. ocupante: Prof. Dr. L\u00facio Kreutz<br>Ocupante: Editor Erny M\u00fcgge<\/p>\n\n\n\n<div style=\"height:6px\" aria-hidden=\"true\" class=\"wp-block-spacer\"><\/div>\n\n\n\n<p><strong>Cadeira n\u00ba 11. <\/strong>Patrono: Pe. Carlos Teschauer, S. J.<br>1\u00ba ocupante: Prof. Dr. Pe. Milton Valente, S.J.<br>2\u00ba ocupante: Prof. Dr. Arthur Bl\u00e1sio Rambo<\/p>\n\n\n\n<p>Ocupante: D\u00e9cio Alo\u00edsio Schauren<\/p>\n\n\n\n<div style=\"height:19px\" aria-hidden=\"true\" class=\"wp-block-spacer\"><\/div>\n\n\n\n<p><strong>Cadeira n\u00ba 12. <\/strong>Patrono: Pe. Theodor Amstad, S.J.<br>1\u00ba ocupante: Pe. Ruben Neis<br>2\u00aa ocupante: Prof. Dra. Elo\u00edsa Helena Capovilla da Luz Ramos<\/p>\n\n\n\n<p>Ocupante:  Dra. Cristina Seibert Schneider<\/p>\n\n\n\n<div style=\"height:6px\" aria-hidden=\"true\" class=\"wp-block-spacer\"><\/div>\n\n\n\n<p><strong>Cadeira n\u00ba 13: <\/strong>Patrono: Pedro Weing\u00e4rtner<br>1\u00ba ocupante: Dr. Leandro da Silva Telles<br>2\u00ba ocupante: Prof. Dr. Marcos Justo Tramontini<br>Ocupante: Prof. Dr. Marcos Ant\u00f4nio Witt<\/p>\n\n\n\n<div style=\"height:6px\" aria-hidden=\"true\" class=\"wp-block-spacer\"><\/div>\n\n\n\n<p><strong>Cadeira n\u00ba 14: <\/strong>Patrono: Arno Phillip<br>1\u00ba ocupante: Dr. Klaus Becker<br>2\u00ba ocupante: Prof. Dr. Werner Altmann<br>Ocupante: Eduardo Kauer Pereira<\/p>\n\n\n\n<div style=\"height:10px\" aria-hidden=\"true\" class=\"wp-block-spacer\"><\/div>\n\n\n\n<p><strong>Cadeira n\u00ba 15: <\/strong>Patrono: Pe. Jo\u00e3o Baptista Hafkemeyer, S. J.<br>1\u00ba ocupante: S\u00e9rgio Dillenburg<br>2\u00ba ocupante: Prof. Dr. Luis Alberto de Boni<br>Ocupante: Profa. Dra. Marluza Marques Harres &nbsp;<\/p>\n\n\n\n<div style=\"height:14px\" aria-hidden=\"true\" class=\"wp-block-spacer\"><\/div>\n\n\n\n<p><strong>Cadeira n\u00ba 16: <\/strong>Patrono:Aur\u00e9lio Porto<br>1\u00ba ocupante: Dr. Carlos de Souza Moraes<br>Ocupante: Profa. Dra. D\u00f3ris Rejane Fernandes<\/p>\n\n\n\n<div style=\"height:9px\" aria-hidden=\"true\" class=\"wp-block-spacer\"><\/div>\n\n\n\n<p><strong>Cadeira n\u00ba 17: <\/strong>Patrono: Leopoldo Petry<br>Ocupante: Profa. Liene Maria Martins Sch\u00fctz<\/p>\n\n\n\n<div style=\"height:11px\" aria-hidden=\"true\" class=\"wp-block-spacer\"><\/div>\n\n\n\n<p><strong>Cadeira n\u00ba 18: <\/strong>Patrono: Pe. Luiz Gonzaga Jaeger, S.J.<br>1\u00ba ocupante: Prof. Dr. Pe. Pedro Ign\u00e1cio Schmitz, S. J.<\/p>\n\n\n\n<p>Ocupante: Cledes Markus<\/p>\n\n\n\n<div style=\"height:11px\" aria-hidden=\"true\" class=\"wp-block-spacer\"><\/div>\n\n\n\n<p><strong>Cadeira n\u00ba 19. <\/strong>Patrono: Lindolfo Collor<br>1\u00ba ocupante: Prof. Telmo Lauro M\u00fcller<br>Ocupante: Profa. Ms. V\u00e2nia In\u00eas \u00c1vila Priamo<\/p>\n\n\n\n<div style=\"height:9px\" aria-hidden=\"true\" class=\"wp-block-spacer\"><\/div>\n\n\n\n<p><strong>Cadeira n\u00ba 20. <\/strong>Patrono: Erich Fausel<br>1\u00ba ocupante: Prof. Dr. Walter Koch<br>Ocupante: Prof. Ms. Osmar L. Witt<\/p>\n\n\n\n<div style=\"height:9px\" aria-hidden=\"true\" class=\"wp-block-spacer\"><\/div>\n\n\n\n<p><strong>Cadeira n\u00ba 21. <\/strong>Patrono: Carl Jansen<br>1\u00aa ocupante: Profa. Dra. Marli Merker Moreira<br>Ocupante: Prof. Dr. Gerson Roberto Neumann<\/p>\n\n\n\n<div style=\"height:17px\" aria-hidden=\"true\" class=\"wp-block-spacer\"><\/div>\n\n\n\n<p><strong>Cadeira n\u00ba 22. <\/strong>Patrono: Wilhelm Wustrow<br>1\u00aa ocupante: Profa. Dra. Eva Wysk Koch<br> Ocupante:Profa. Dra. Karen Pupp Spinass\u00e9<\/p>\n\n\n\n<div style=\"height:13px\" aria-hidden=\"true\" class=\"wp-block-spacer\"><\/div>\n\n\n\n<p><strong>Cadeira n\u00ba 23. <\/strong>Patrono: Augusto Meyer<br>1\u00ba ocupante: Prof. Dr. Jorge Luiz da Cunha<\/p>\n\n\n\n<p>Ocupante: Drdo. Augusto Blume<\/p>\n\n\n\n<div style=\"height:15px\" aria-hidden=\"true\" class=\"wp-block-spacer\"><\/div>\n\n\n\n<p><strong>Cadeira n\u00ba 24. <\/strong>Patrono: Rodolfo Ahrons<br>Ocupante: Prof. Dr. G\u00fcnter Weimer<\/p>\n\n\n\n<div style=\"height:17px\" aria-hidden=\"true\" class=\"wp-block-spacer\"><\/div>\n\n\n\n<p><strong>Cadeira n\u00ba 25. <\/strong>Patrono: I. Theodor Grimm<br>1\u00ba ocupante: Prof. Hardy E. Martin<br>2\u00aa ocupante: Profa. Dra. Paula Caleffi<br>3\u00ba ocupante: Prof. Dr. Wilhelm Wachholz<br>Ocupante: Dr. Oneide Bobsin<\/p>\n\n\n\n<div style=\"height:16px\" aria-hidden=\"true\" class=\"wp-block-spacer\"><\/div>\n\n\n\n<p><strong>Cadeira n\u00ba 26. <\/strong>Patrono: Ferdinand Schr\u00f6der<br>1\u00ba ocupante: Prof. Dr. Joachim Herbert Fischer<br>Ocupante: Prof\u00aa Dr\u00aa Dalva Neraci Reinheimer<\/p>\n\n\n\n<div style=\"height:12px\" aria-hidden=\"true\" class=\"wp-block-spacer\"><\/div>\n\n\n\n<p><strong>Cadeira n\u00ba 27. <\/strong>Patrono: Pe. Balduino Rambo, S.J.<br>1\u00ba ocupante: Econ. Gast\u00e3o Jos\u00e9 Spohr<br>Ocupante: Profa. Dra. Isabel Cristina Arendt<\/p>\n\n\n\n<div style=\"height:8px\" aria-hidden=\"true\" class=\"wp-block-spacer\"><\/div>\n\n\n\n<p><strong>Cadeira n\u00ba 28. <\/strong>Patronas: Am\u00e1lia e Lina Engel<br>1\u00aa ocupante: Profa. Dra. Eliane Cristina Deckmann Fleck<br>Ocupante: Historiadora Nilza Huyer Ely<\/p>\n\n\n\n<div style=\"height:7px\" aria-hidden=\"true\" class=\"wp-block-spacer\"><\/div>\n\n\n\n<p><strong>Cadeira n\u00ba 29. <\/strong>Patrono: Hermann Gottlieb Dohms<br>1\u00aa ocupante: Profa. Dra. Ceres Karam Brum<br>Ocupante: Profa. Dra. Roswithia Weber<\/p>\n\n\n\n<div style=\"height:12px\" aria-hidden=\"true\" class=\"wp-block-spacer\"><\/div>\n\n\n\n<p><strong>Cadeira n\u00ba 30.<\/strong> Patrono: Clodomir Vianna Moog<br>1\u00aa ocupante: Profa. Dra. V\u00e2nia Beatriz Merlotti Her\u00e9dia&nbsp;&nbsp;&nbsp;&nbsp;&nbsp;&nbsp;&nbsp;&nbsp;&nbsp;&nbsp;&nbsp;&nbsp;&nbsp;&nbsp;&nbsp; &nbsp;&nbsp;&nbsp;&nbsp;&nbsp;&nbsp;&nbsp;&nbsp;&nbsp; <\/p>\n\n\n\n<p>&nbsp;&nbsp;&nbsp;&nbsp;&nbsp;&nbsp;&nbsp;&nbsp;&nbsp;&nbsp;&nbsp;&nbsp;&nbsp;&nbsp;&nbsp; &nbsp;&nbsp;&nbsp;&nbsp;&nbsp;&nbsp;&nbsp;&nbsp;&nbsp;&nbsp; <\/p>\n\n\n\n<p><strong><u>S\u00d3CIOS EM\u00c9RITOS<\/u><\/strong><\/p>\n\n\n\n<p>Dr. Arthur Bl\u00e1sio Rambo<\/p>\n\n\n\n<div style=\"height:100px\" aria-hidden=\"true\" class=\"wp-block-spacer\"><\/div>\n\n\n\n<p><strong><u>S\u00d3CIOS CORRESPONDENTES<\/u><\/strong>                                                                                                                      <\/p>\n\n\n\n<p>Dra. Maria Catarina Chitolina Zanini<\/p>\n\n\n\n<div style=\"height:100px\" aria-hidden=\"true\" class=\"wp-block-spacer\"><\/div>\n","protected":false},"excerpt":{"rendered":"<p>S\u00d3CIOS EFETIVOS Cadeira n\u00ba 1. Patrona: Imperatriz Leopoldina1\u00ba. ocupante: Prof\u00aa Dr\u00aa Helga I. L. Piccolo&nbsp;Ocupante: Prof. Dr. Rodrigo Luis dos&hellip; <a class=\"read-more\" href=\"https:\/\/institutohistoricosl.com.br\/?page_id=39\">Continue lendo<\/a><\/p>\n","protected":false},"author":2,"featured_media":0,"parent":0,"menu_order":0,"comment_status":"closed","ping_status":"closed","template":"","meta":[],"_links":{"self":[{"href":"https:\/\/institutohistoricosl.com.br\/index.php?rest_route=\/wp\/v2\/pages\/39"}],"collection":[{"href":"https:\/\/institutohistoricosl.com.br\/index.php?rest_route=\/wp\/v2\/pages"}],"about":[{"href":"https:\/\/institutohistoricosl.com.br\/index.php?rest_route=\/wp\/v2\/types\/page"}],"author":[{"embeddable":true,"href":"https:\/\/institutohistoricosl.com.br\/index.php?rest_route=\/wp\/v2\/users\/2"}],"replies":[{"embeddable":true,"href":"https:\/\/institutohistoricosl.com.br\/index.php?rest_route=%2Fwp%2Fv2%2Fcomments&post=39"}],"version-history":[{"count":22,"href":"https:\/\/institutohistoricosl.com.br\/index.php?rest_route=\/wp\/v2\/pages\/39\/revisions"}],"predecessor-version":[{"id":1310,"href":"https:\/\/institutohistoricosl.com.br\/index.php?rest_route=\/wp\/v2\/pages\/39\/revisions\/1310"}],"wp:attachment":[{"href":"https:\/\/institutohistoricosl.com.br\/index.php?rest_route=%2Fwp%2Fv2%2Fmedia&parent=39"}],"curies":[{"name":"wp","href":"https:\/\/api.w.org\/{rel}","templated":true}]}}

Cadeiras                     (patronos; histórico de ocupantes)

<p><br></p>



<p><strong><u>SÓCIOS EFETIVOS</u></strong></p>



<div style="height:31px" aria-hidden="true" class="wp-block-spacer"></div>



<p><strong>Cadeira nº 1. </strong>Patrona: Imperatriz Leopoldina<br>1º. ocupante: Profª Drª Helga I. L. Piccolo&nbsp;<br>Ocupante: Prof. Dr. Rodrigo Luis dos Santos</p>



<div style="height:42px" aria-hidden="true" class="wp-block-spacer"></div>



<p><strong>Cadeira nº 2. </strong>Patrono: Visconde de São Leopoldo<br>1º ocupante: Ramiro Frota Barcelos<br>2º ocupante: Frei Dr. Rovílio Costa<br>3º ocupante: Profª Drª Núncia Santoro de Constantino<br>4ª ocupante: Profa. Dra. Terciane Angela Luchese</p>



<p>Ocupante: Dra. Véra Lucia Maciel Barroso                                                              </p>



<div style="height:45px" aria-hidden="true" class="wp-block-spacer"></div>



<p><strong>Cadeira nº 3. </strong>Patrono: Jozé Thomaz de Lima<br>1ª. ocupante: Profa. Ms. Ângela Tereza Sperb<br>2ª ocupante: Profa. Dra. Maria Catarina Chitolina Zanini</p>



<p>Ocupante: Dra. Elaine Smaniotto</p>



<div class="wp-container-1 wp-block-group"><div class="wp-block-group__inner-container"></div></div>



<div style="height:11px" aria-hidden="true" class="wp-block-spacer"></div>



<p><strong>Cadeira nº 4. </strong>Patrono: Pastor Johann Georg Ehlers<br>1º ocupante: P. Dr. hc. Bertholdo Weber<br>2º. ocupante: Sr. José Carlos Eggers<br>Ocupante: Profa. Dra. Maria Medianeira Padoin</p>



<div style="height:49px" aria-hidden="true" class="wp-block-spacer"></div>



<p><strong>Cadeira nº 5. </strong>Patrono: Dr. João Daniel Hillebrand<br>1º ocupante: Dr. Carlos Henrique Hunsche<br>Ocupante: Prof. Dr. Martin Norberto Dreher</p>



<div style="height:11px" aria-hidden="true" class="wp-block-spacer"></div>



<p><strong>Cadeira nº 6. </strong>Patrono: Engº Afonso Mabilde<br>1º ocupante: Adolfo Zimmermann Netto<br>2º ocupante: Prof. Dr. Ricardo Willy Rieth<br>Ocupante: Profa. Dra. Rosane Marcia Neumann</p>



<div style="height:9px" aria-hidden="true" class="wp-block-spacer"></div>



<p><strong>Cadeira nº 7. </strong>Patrono: João Grünewald<br>1º. ocupante: Germano Oscar Moehlecke<br>Ocupante: Dr. André Huyer</p>



<div style="height:9px" aria-hidden="true" class="wp-block-spacer"></div>



<p><strong>Cadeira nº 8. </strong>Patrono: Carlos von Koseritz<br>1º ocupante: Moacyr Domingues<br>Ocupante: Prof. Dr. Cléo Vilson Altenhofen</p>



<div style="height:4px" aria-hidden="true" class="wp-block-spacer"></div>



<p><strong>Cadeira nº 9. </strong>Patrono: P. Ambrosio Schupp S. J.<br>1º ocupante: P. Prof. Dr. hc&nbsp; Arthur Rabuske<br>Ocupante: Prof. Dr. René Ernaini Gertz</p>



<div style="height:13px" aria-hidden="true" class="wp-block-spacer"></div>



<p><strong>Cadeira nº 10. </strong>Patrono: Pastor Dr. Wilhelm Rotermund<br>1º ocupante: Dr. Guilherme Frederico Rotermund<br>2º. ocupante: Prof. Dr. Lúcio Kreutz<br>Ocupante: Editor Erny Mügge</p>



<div style="height:6px" aria-hidden="true" class="wp-block-spacer"></div>



<p><strong>Cadeira nº 11. </strong>Patrono: Pe. Carlos Teschauer, S. J.<br>1º ocupante: Prof. Dr. Pe. Milton Valente, S.J.<br>2º ocupante: Prof. Dr. Arthur Blásio Rambo</p>



<p>Ocupante: Décio Aloísio Schauren</p>



<div style="height:19px" aria-hidden="true" class="wp-block-spacer"></div>



<p><strong>Cadeira nº 12. </strong>Patrono: Pe. Theodor Amstad, S.J.<br>1º ocupante: Pe. Ruben Neis<br>2ª ocupante: Prof. Dra. Eloísa Helena Capovilla da Luz Ramos</p>



<p>Ocupante:  Dra. Cristina Seibert Schneider</p>



<div style="height:6px" aria-hidden="true" class="wp-block-spacer"></div>



<p><strong>Cadeira nº 13: </strong>Patrono: Pedro Weingärtner<br>1º ocupante: Dr. Leandro da Silva Telles<br>2º ocupante: Prof. Dr. Marcos Justo Tramontini<br>Ocupante: Prof. Dr. Marcos Antônio Witt</p>



<div style="height:6px" aria-hidden="true" class="wp-block-spacer"></div>



<p><strong>Cadeira nº 14: </strong>Patrono: Arno Phillip<br>1º ocupante: Dr. Klaus Becker<br>2º ocupante: Prof. Dr. Werner Altmann<br>Ocupante: Eduardo Kauer Pereira</p>



<div style="height:10px" aria-hidden="true" class="wp-block-spacer"></div>



<p><strong>Cadeira nº 15: </strong>Patrono: Pe. João Baptista Hafkemeyer, S. J.<br>1º ocupante: Sérgio Dillenburg<br>2º ocupante: Prof. Dr. Luis Alberto de Boni<br>Ocupante: Profa. Dra. Marluza Marques Harres &nbsp;</p>



<div style="height:14px" aria-hidden="true" class="wp-block-spacer"></div>



<p><strong>Cadeira nº 16: </strong>Patrono:Aurélio Porto<br>1º ocupante: Dr. Carlos de Souza Moraes<br>Ocupante: Profa. Dra. Dóris Rejane Fernandes</p>



<div style="height:9px" aria-hidden="true" class="wp-block-spacer"></div>



<p><strong>Cadeira nº 17: </strong>Patrono: Leopoldo Petry<br>Ocupante: Profa. Liene Maria Martins Schütz</p>



<div style="height:11px" aria-hidden="true" class="wp-block-spacer"></div>



<p><strong>Cadeira nº 18: </strong>Patrono: Pe. Luiz Gonzaga Jaeger, S.J.<br>1º ocupante: Prof. Dr. Pe. Pedro Ignácio Schmitz, S. J.</p>



<p>Ocupante: Cledes Markus</p>



<div style="height:11px" aria-hidden="true" class="wp-block-spacer"></div>



<p><strong>Cadeira nº 19. </strong>Patrono: Lindolfo Collor<br>1º ocupante: Prof. Telmo Lauro Müller<br>Ocupante: Profa. Ms. Vânia Inês Ávila Priamo</p>



<div style="height:9px" aria-hidden="true" class="wp-block-spacer"></div>



<p><strong>Cadeira nº 20. </strong>Patrono: Erich Fausel<br>1º ocupante: Prof. Dr. Walter Koch<br>Ocupante: Prof. Ms. Osmar L. Witt</p>



<div style="height:9px" aria-hidden="true" class="wp-block-spacer"></div>



<p><strong>Cadeira nº 21. </strong>Patrono: Carl Jansen<br>1ª ocupante: Profa. Dra. Marli Merker Moreira<br>Ocupante: Prof. Dr. Gerson Roberto Neumann</p>



<div style="height:17px" aria-hidden="true" class="wp-block-spacer"></div>



<p><strong>Cadeira nº 22. </strong>Patrono: Wilhelm Wustrow<br>1ª ocupante: Profa. Dra. Eva Wysk Koch<br> Ocupante:Profa. Dra. Karen Pupp Spinassé</p>



<div style="height:13px" aria-hidden="true" class="wp-block-spacer"></div>



<p><strong>Cadeira nº 23. </strong>Patrono: Augusto Meyer<br>1º ocupante: Prof. Dr. Jorge Luiz da Cunha</p>



<p>Ocupante: Drdo. Augusto Blume</p>



<div style="height:15px" aria-hidden="true" class="wp-block-spacer"></div>



<p><strong>Cadeira nº 24. </strong>Patrono: Rodolfo Ahrons<br>Ocupante: Prof. Dr. Günter Weimer</p>



<div style="height:17px" aria-hidden="true" class="wp-block-spacer"></div>



<p><strong>Cadeira nº 25. </strong>Patrono: I. Theodor Grimm<br>1º ocupante: Prof. Hardy E. Martin<br>2ª ocupante: Profa. Dra. Paula Caleffi<br>3º ocupante: Prof. Dr. Wilhelm Wachholz<br>Ocupante: Dr. Oneide Bobsin</p>



<div style="height:16px" aria-hidden="true" class="wp-block-spacer"></div>



<p><strong>Cadeira nº 26. </strong>Patrono: Ferdinand Schröder<br>1º ocupante: Prof. Dr. Joachim Herbert Fischer<br>Ocupante: Profª Drª Dalva Neraci Reinheimer</p>



<div style="height:12px" aria-hidden="true" class="wp-block-spacer"></div>



<p><strong>Cadeira nº 27. </strong>Patrono: Pe. Balduino Rambo, S.J.<br>1º ocupante: Econ. Gastão José Spohr<br>Ocupante: Profa. Dra. Isabel Cristina Arendt</p>



<div style="height:8px" aria-hidden="true" class="wp-block-spacer"></div>



<p><strong>Cadeira nº 28. </strong>Patronas: Amália e Lina Engel<br>1ª ocupante: Profa. Dra. Eliane Cristina Deckmann Fleck<br>Ocupante: Historiadora Nilza Huyer Ely</p>



<div style="height:7px" aria-hidden="true" class="wp-block-spacer"></div>



<p><strong>Cadeira nº 29. </strong>Patrono: Hermann Gottlieb Dohms<br>1ª ocupante: Profa. Dra. Ceres Karam Brum<br>Ocupante: Profa. Dra. Roswithia Weber</p>



<div style="height:12px" aria-hidden="true" class="wp-block-spacer"></div>



<p><strong>Cadeira nº 30.</strong> Patrono: Clodomir Vianna Moog<br>1ª ocupante: Profa. Dra. Vânia Beatriz Merlotti Herédia&nbsp;&nbsp;&nbsp;&nbsp;&nbsp;&nbsp;&nbsp;&nbsp;&nbsp;&nbsp;&nbsp;&nbsp;&nbsp;&nbsp;&nbsp; &nbsp;&nbsp;&nbsp;&nbsp;&nbsp;&nbsp;&nbsp;&nbsp;&nbsp; </p>



<p>&nbsp;&nbsp;&nbsp;&nbsp;&nbsp;&nbsp;&nbsp;&nbsp;&nbsp;&nbsp;&nbsp;&nbsp;&nbsp;&nbsp;&nbsp; &nbsp;&nbsp;&nbsp;&nbsp;&nbsp;&nbsp;&nbsp;&nbsp;&nbsp;&nbsp; </p>



<p><strong><u>SÓCIOS EMÉRITOS</u></strong></p>



<p>Dr. Arthur Blásio Rambo</p>



<div style="height:100px" aria-hidden="true" class="wp-block-spacer"></div>



<p><strong><u>SÓCIOS CORRESPONDENTES</u></strong>                                                                                                                      </p>



<p>Dra. Maria Catarina Chitolina Zanini</p>



<div style="height:100px" aria-hidden="true" class="wp-block-spacer"></div>

<p>SÓCIOS EFETIVOS Cadeira nº 1. Patrona: Imperatriz Leopoldina1º. ocupante: Profª Drª Helga I. L. Piccolo&nbsp;Ocupante: Prof. Dr. Rodrigo Luis dos&hellip; <a class="read-more" href="https://institutohistoricosl.com.br/?page_id=39">Continue lendo</a></p>
