{"id":19,"date":"2020-05-25T21:32:39","date_gmt":"2020-05-25T21:32:39","guid":{"rendered":"http:\/\/institutohistoricosl.com.br\/?page_id=19"},"modified":"2020-09-19T04:37:53","modified_gmt":"2020-09-19T04:37:53","slug":"parceiros","status":"publish","type":"page","link":"https:\/\/institutohistoricosl.com.br\/?page_id=19","title":{"rendered":"Parceiros"},"content":{"rendered":"\n<div style=\"height:38px\" aria-hidden=\"true\" class=\"wp-block-spacer\"><\/div>\n\n\n\n<p>Centro de Estudos Internacionais de Hist\u00f3ria das Mobilidades, Di\u00e1sporas e Migra\u00e7\u00f5es &#8211; <strong>CEMIDI<\/strong><\/p>\n\n\n\n<p><strong>Instituto Hist\u00f3rico e Geogr\u00e1fico do RS<\/strong><\/p>\n\n\n\n<p><strong>Museu Hist\u00f3rico Visconde de S\u00e3o Leopoldo<\/strong><\/p>\n\n\n\n<p><strong>NEHI<\/strong> &#8211; N\u00facleo de Estudos de Hist\u00f3ria da Imigra\u00e7\u00e3o&nbsp;(Programa de P\u00f3s-Gradua\u00e7\u00e3o em Hist\u00f3ria \u2013 UPF)<\/p>\n","protected":false},"excerpt":{"rendered":"<p>Centro de Estudos Internacionais de Hist\u00f3ria das Mobilidades, Di\u00e1sporas e Migra\u00e7\u00f5es &#8211; CEMIDI Instituto Hist\u00f3rico e Geogr\u00e1fico do RS Museu&hellip; <a class=\"read-more\" href=\"https:\/\/institutohistoricosl.com.br\/?page_id=19\">Continue lendo<\/a><\/p>\n","protected":false},"author":2,"featured_media":0,"parent":0,"menu_order":0,"comment_status":"closed","ping_status":"closed","template":"","meta":[],"_links":{"self":[{"href":"https:\/\/institutohistoricosl.com.br\/index.php?rest_route=\/wp\/v2\/pages\/19"}],"collection":[{"href":"https:\/\/institutohistoricosl.com.br\/index.php?rest_route=\/wp\/v2\/pages"}],"about":[{"href":"https:\/\/institutohistoricosl.com.br\/index.php?rest_route=\/wp\/v2\/types\/page"}],"author":[{"embeddable":true,"href":"https:\/\/institutohistoricosl.com.br\/index.php?rest_route=\/wp\/v2\/users\/2"}],"replies":[{"embeddable":true,"href":"https:\/\/institutohistoricosl.com.br\/index.php?rest_route=%2Fwp%2Fv2%2Fcomments&post=19"}],"version-history":[{"count":4,"href":"https:\/\/institutohistoricosl.com.br\/index.php?rest_route=\/wp\/v2\/pages\/19\/revisions"}],"predecessor-version":[{"id":755,"href":"https:\/\/institutohistoricosl.com.br\/index.php?rest_route=\/wp\/v2\/pages\/19\/revisions\/755"}],"wp:attachment":[{"href":"https:\/\/institutohistoricosl.com.br\/index.php?rest_route=%2Fwp%2Fv2%2Fmedia&parent=19"}],"curies":[{"name":"wp","href":"https:\/\/api.w.org\/{rel}","templated":true}]}}

<div style="height:38px" aria-hidden="true" class="wp-block-spacer"></div>



<p>Centro de Estudos Internacionais de História das Mobilidades, Diásporas e Migrações &#8211; <strong>CEMIDI</strong></p>



<p><strong>Instituto Histórico e Geográfico do RS</strong></p>



<p><strong>Museu Histórico Visconde de São Leopoldo</strong></p>



<p><strong>NEHI</strong> &#8211; Núcleo de Estudos de História da Imigração&nbsp;(Programa de Pós-Graduação em História – UPF)</p>

<p>Centro de Estudos Internacionais de História das Mobilidades, Diásporas e Migrações &#8211; CEMIDI Instituto Histórico e Geográfico do RS Museu&hellip; <a class="read-more" href="https://institutohistoricosl.com.br/?page_id=19">Continue lendo</a></p>
